CRAN Package Check Results for Package puzzle

Last updated on 2022-07-06 01:50:31 CEST.

Flavor Version Tinstall Tcheck Ttotal Status Flags
r-devel-linux-x86_64-debian-clang 0.0.1 3.68 30.52 34.20 OK
r-devel-linux-x86_64-debian-gcc 0.0.1 2.62 23.90 26.52 OK
r-devel-linux-x86_64-fedora-clang 0.0.1 54.41 NOTE
r-devel-linux-x86_64-fedora-gcc 0.0.1 51.58 NOTE
r-devel-windows-x86_64 0.0.1 17.00 59.00 76.00 OK
r-patched-linux-x86_64 0.0.1 3.08 30.06 33.14 OK
r-release-linux-x86_64 0.0.1 2.58 30.89 33.47 OK
r-release-macos-arm64 0.0.1 17.00 NOTE
r-release-macos-x86_64 0.0.1 31.00 NOTE
r-release-windows-x86_64 0.0.1 29.00 59.00 88.00 OK
r-oldrel-macos-arm64 0.0.1 22.00 NOTE
r-oldrel-macos-x86_64 0.0.1 28.00 NOTE
r-oldrel-windows-ix86+x86_64 0.0.1 12.00 54.00 66.00 OK

Check Details

Version: 0.0.1
Check: dependencies in R code
Result: NOTE
    Namespaces in Imports field not imported from:
     ‘kableExtra’ ‘readr’ ‘tidyverse’
     All declared Imports should be used.
Flavors: r-devel-linux-x86_64-fedora-clang, r-devel-linux-x86_64-fedora-gcc, r-release-macos-arm64, r-release-macos-x86_64, r-oldrel-macos-arm64, r-oldrel-macos-x86_64