CRAN Package Check Results for Package pvar

Last updated on 2025-05-07 01:50:08 CEST.

Flavor Version Tinstall Tcheck Ttotal Status Flags
r-devel-linux-x86_64-debian-clang 2.2.7 12.94 33.75 46.69 NOTE
r-devel-linux-x86_64-debian-gcc 2.2.7 9.45 25.98 35.43 NOTE
r-devel-linux-x86_64-fedora-clang 2.2.7 78.18 NOTE
r-devel-linux-x86_64-fedora-gcc 2.2.7 94.02 NOTE
r-devel-windows-x86_64 2.2.7 14.00 80.00 94.00 NOTE
r-patched-linux-x86_64 2.2.7 13.72 32.23 45.95 NOTE
r-release-linux-x86_64 2.2.7 13.53 32.00 45.53 NOTE
r-release-macos-arm64 2.2.7 35.00 NOTE
r-release-macos-x86_64 2.2.7 65.00 NOTE
r-release-windows-x86_64 2.2.7 15.00 78.00 93.00 NOTE
r-oldrel-macos-arm64 2.2.7 34.00 NOTE
r-oldrel-macos-x86_64 2.2.7 91.00 NOTE
r-oldrel-windows-x86_64 2.2.7 15.00 91.00 106.00 NOTE

Check Details

Version: 2.2.7
Check: CRAN incoming feasibility
Result: NOTE Maintainer: ‘Vygantas Butkus <Vygantas.Butkus@gmail.com>’ No Authors@R field in DESCRIPTION. Please add one, modifying Authors@R: person(given = "Vygantas", family = "Butkus", role = c("aut", "cre"), email = "vygantas.butkus@gmail.com") as necessary. Flavors: r-devel-linux-x86_64-debian-clang, r-devel-linux-x86_64-debian-gcc

Version: 2.2.7
Check: Rd files
Result: NOTE checkRd: (-1) DataSets.Rd:10: Lost braces; missing escapes or markup? 10 | \format{the \code{PvarQuantileDF} is a \code{data.frame} with fields \code{prob} an {Qaunt}. | ^ Flavors: r-devel-linux-x86_64-debian-clang, r-devel-linux-x86_64-debian-gcc, r-devel-linux-x86_64-fedora-clang, r-devel-linux-x86_64-fedora-gcc, r-devel-windows-x86_64, r-patched-linux-x86_64, r-release-linux-x86_64, r-release-macos-arm64, r-release-macos-x86_64, r-release-windows-x86_64, r-oldrel-macos-arm64, r-oldrel-macos-x86_64, r-oldrel-windows-x86_64