Last updated on 2024-04-19 01:58:54 CEST.
Flavor | Version | Tinstall | Tcheck | Ttotal | Status | Flags |
---|---|---|---|---|---|---|
r-devel-linux-x86_64-debian-clang | 1.0.3 | 13.68 | 170.92 | 184.60 | NOTE | |
r-devel-linux-x86_64-debian-gcc | 1.0.3 | 8.80 | 120.69 | 129.49 | NOTE | |
r-devel-linux-x86_64-fedora-clang | 1.0.3 | 220.57 | NOTE | |||
r-devel-linux-x86_64-fedora-gcc | 1.0.3 | 220.64 | NOTE | |||
r-prerel-macos-arm64 | 1.0.3 | 68.00 | NOTE | |||
r-prerel-windows-x86_64 | 1.0.3 | 11.00 | 134.00 | 145.00 | NOTE | |
r-patched-linux-x86_64 | 1.0.3 | 12.10 | 156.53 | 168.63 | NOTE | |
r-release-linux-x86_64 | 1.0.3 | 7.51 | 153.57 | 161.08 | OK | |
r-release-macos-arm64 | 1.0.3 | 73.00 | OK | |||
r-release-macos-x86_64 | 1.0.3 | 116.00 | OK | |||
r-release-windows-x86_64 | 1.0.3 | 14.00 | 159.00 | 173.00 | OK | |
r-oldrel-macos-arm64 | 1.0.3 | 55.00 | OK | |||
r-oldrel-windows-x86_64 | 1.0.3 | 15.00 | 168.00 | 183.00 | OK |
Version: 1.0.3
Check: Rd files
Result: NOTE
checkRd: (-1) crosstab.Rd:45: Lost braces in \itemize; \value handles \item{}{} directly
checkRd: (-1) crosstab.Rd:46: Lost braces in \itemize; \value handles \item{}{} directly
checkRd: (-1) crosstab.Rd:47: Lost braces in \itemize; \value handles \item{}{} directly
checkRd: (-1) crosstab.Rd:48: Lost braces in \itemize; \value handles \item{}{} directly
checkRd: (-1) crosstab.Rd:49: Lost braces in \itemize; \value handles \item{}{} directly
checkRd: (-1) crosstab.Rd:50: Lost braces in \itemize; \value handles \item{}{} directly
checkRd: (-1) crosstab.Rd:51-52: Lost braces in \itemize; \value handles \item{}{} directly
Flavors: r-devel-linux-x86_64-debian-clang, r-devel-linux-x86_64-debian-gcc, r-devel-linux-x86_64-fedora-clang, r-devel-linux-x86_64-fedora-gcc, r-prerel-macos-arm64, r-prerel-windows-x86_64, r-patched-linux-x86_64