Last updated on 2025-05-01 01:49:42 CEST.
Flavor | Version | Tinstall | Tcheck | Ttotal | Status | Flags |
---|---|---|---|---|---|---|
r-devel-linux-x86_64-debian-clang | 2.1 | 14.38 | 136.40 | 150.78 | NOTE | |
r-devel-linux-x86_64-debian-gcc | 2.1 | 10.26 | 97.75 | 108.01 | NOTE | |
r-devel-linux-x86_64-fedora-clang | 2.1 | 241.52 | NOTE | |||
r-devel-linux-x86_64-fedora-gcc | 2.1 | 225.96 | NOTE | |||
r-devel-windows-x86_64 | 2.1 | 16.00 | 139.00 | 155.00 | NOTE | |
r-patched-linux-x86_64 | 2.1 | 14.50 | 130.68 | 145.18 | NOTE | |
r-release-linux-x86_64 | 2.1 | 13.36 | 128.88 | 142.24 | NOTE | |
r-release-macos-arm64 | 2.1 | 63.00 | NOTE | |||
r-release-macos-x86_64 | 2.1 | 166.00 | NOTE | |||
r-release-windows-x86_64 | 2.1 | 16.00 | 138.00 | 154.00 | NOTE | |
r-oldrel-macos-arm64 | 2.1 | 63.00 | NOTE | |||
r-oldrel-macos-x86_64 | 2.1 | 95.00 | NOTE | |||
r-oldrel-windows-x86_64 | 2.1 | 17.00 | 180.00 | 197.00 | NOTE |
Version: 2.1
Check: CRAN incoming feasibility
Result: NOTE
Maintainer: ‘Alicja Wolny-Dominiak <alicja.wolny-dominiak@ue.katowice.pl>’
No Authors@R field in DESCRIPTION.
Please add one, modifying
Authors@R: c(person(given = "Alicja",
family = "Wolny-Dominiak",
role = c("aut", "cre"),
email = "alicja.wolny-dominiak@ue.katowice.pl"),
person(given = "Tomasz",
family = "Zadlo",
role = "aut"))
as necessary.
Flavors: r-devel-linux-x86_64-debian-clang, r-devel-linux-x86_64-debian-gcc
Version: 2.1
Check: Rd files
Result: NOTE
checkRd: (-1) srswrRe.Rd:10: Lost braces
10 | \item{listRanef}{{\emph{ranef(model)}} object where {\emph{model}} is an { \emph{lmer}} object.}
| ^
Flavors: r-devel-linux-x86_64-debian-clang, r-devel-linux-x86_64-debian-gcc, r-devel-linux-x86_64-fedora-clang, r-devel-linux-x86_64-fedora-gcc, r-devel-windows-x86_64, r-patched-linux-x86_64, r-release-linux-x86_64, r-release-macos-arm64, r-release-macos-x86_64, r-release-windows-x86_64, r-oldrel-macos-arm64, r-oldrel-macos-x86_64, r-oldrel-windows-x86_64
Version: 2.1
Check: examples
Result: NOTE
Examples with CPU (user + system) or elapsed time > 5s
user system elapsed
mcBootMis 6.604 0.02 10.162
EBLUP 3.367 0.48 6.376
mcLMMmis 3.612 0.05 5.471
Flavor: r-devel-linux-x86_64-debian-clang
Version: 2.1
Check: examples
Result: NA
user system elapsed
mcBootMis 4.443 0.099 6.958
EBLUP 3.755 0.530 5.808
OK
Flavor: r-devel-linux-x86_64-debian-gcc