CRAN Package Check Results for Package qgam

Last updated on 2020-06-06 23:47:15 CEST.

Flavor Version Tinstall Tcheck Ttotal Status Flags
r-devel-linux-x86_64-debian-clang 1.3.2 13.66 309.87 323.53 OK
r-devel-linux-x86_64-debian-gcc 1.3.2 12.51 230.50 243.01 OK
r-devel-linux-x86_64-fedora-clang 1.3.2 395.18 OK
r-devel-linux-x86_64-fedora-gcc 1.3.2 396.25 OK
r-devel-windows-ix86+x86_64 1.3.2 43.00 592.00 635.00 OK
r-patched-linux-x86_64 1.3.2 13.33 304.93 318.26 OK
r-patched-solaris-x86 1.3.2 632.60 NOTE
r-release-linux-x86_64 1.3.2 13.12 309.74 322.86 OK
r-release-osx-x86_64 1.3.2 OK
r-release-windows-ix86+x86_64 1.3.2 37.00 588.00 625.00 OK
r-oldrel-osx-x86_64 1.3.2 OK
r-oldrel-windows-ix86+x86_64 1.3.2 33.00 440.00 473.00 OK

Check Details

Version: 1.3.2
Check: installed package size
Result: NOTE
     installed size is 5.1Mb
     sub-directories of 1Mb or more:
     doc 4.2Mb
Flavor: r-patched-solaris-x86