Last updated on 2025-10-15 01:49:59 CEST.
Flavor | Version | Tinstall | Tcheck | Ttotal | Status | Flags |
---|---|---|---|---|---|---|
r-devel-linux-x86_64-debian-clang | 1.0.1 | 7.24 | 117.01 | 124.25 | NOTE | |
r-devel-linux-x86_64-debian-gcc | 1.0.2 | 4.41 | 74.28 | 78.69 | OK | |
r-devel-linux-x86_64-fedora-clang | 1.0.2 | 190.70 | OK | |||
r-devel-linux-x86_64-fedora-gcc | 1.0.2 | 182.11 | OK | |||
r-devel-windows-x86_64 | 1.0.1 | 12.00 | 128.00 | 140.00 | OK | |
r-release-linux-x86_64 | 1.0.1 | 6.19 | 102.22 | 108.41 | OK | |
r-release-macos-arm64 | 1.0.1 | 44.00 | OK | |||
r-release-macos-x86_64 | 1.0.2 | 104.00 | OK | |||
r-oldrel-macos-arm64 | 1.0.1 | 50.00 | OK | |||
r-oldrel-macos-x86_64 | 1.0.2 | 106.00 | OK | |||
r-oldrel-windows-x86_64 | 1.0.1 | 11.00 | 154.00 | 165.00 | OK |
Version: 1.0.1
Check: CRAN incoming feasibility
Result: NOTE
Maintainer: ‘Tim Siebenmorgen <qol_package@proton.me>’
Found the following (possibly) invalid URLs:
URL: https:]
From: DESCRIPTION
DESCRIPTION
DESCRIPTION
Message: Invalid URL: missing authority part
The Description field contains
<https:[https://documentation.sas.com/doc/en/pgmsascdc/v_067/proc/p06ciqes4eaqo6n0zyqtz9p21nfb.htm]>,
<https:[https://documentation.sas.com/doc/en/pgmsascdc/v_067/proc/p0jvbbqkt0gs2cn1lo4zndbqs1pe.htm]>,
<https:[https://documentation.sas.com/doc/en/pgmsascdc/v_067/proc/n1ql5xnu0k3kdtn11gwa5hc7u435.htm]>
Please enclose URLs in angle brackets (<...>).
Flavor: r-devel-linux-x86_64-debian-clang