Last updated on 2024-04-19 01:58:55 CEST.
Flavor | Version | Tinstall | Tcheck | Ttotal | Status | Flags |
---|---|---|---|---|---|---|
r-devel-linux-x86_64-debian-clang | 0.2.2 | 3.59 | 54.66 | 58.25 | OK | |
r-devel-linux-x86_64-debian-gcc | 0.2.2 | 2.81 | 38.72 | 41.53 | OK | |
r-devel-linux-x86_64-fedora-clang | 0.2.2 | 69.06 | NOTE | |||
r-devel-linux-x86_64-fedora-gcc | 0.2.2 | 68.08 | OK | |||
r-prerel-macos-arm64 | 0.2.2 | 21.00 | OK | |||
r-prerel-windows-x86_64 | 0.2.2 | 4.00 | 57.00 | 61.00 | OK | |
r-patched-linux-x86_64 | 0.2.2 | 4.14 | 49.66 | 53.80 | OK | |
r-release-linux-x86_64 | 0.2.2 | 2.97 | 49.77 | 52.74 | OK | |
r-release-macos-arm64 | 0.2.2 | 27.00 | OK | |||
r-release-macos-x86_64 | 0.2.2 | 55.00 | OK | |||
r-release-windows-x86_64 | 0.2.2 | 5.00 | 65.00 | 70.00 | OK | |
r-oldrel-macos-arm64 | 0.2.2 | 29.00 | OK | |||
r-oldrel-windows-x86_64 | 0.2.2 | 5.00 | 65.00 | 70.00 | OK |
Version: 0.2.2
Check: package dependencies
Result: NOTE
Package suggested but not available for checking: ‘opencv’
Flavor: r-devel-linux-x86_64-fedora-clang