Last updated on 2024-04-18 01:55:29 CEST.
Flavor | Version | Tinstall | Tcheck | Ttotal | Status | Flags |
---|---|---|---|---|---|---|
r-devel-linux-x86_64-debian-clang | 0.1.2 | 7.17 | 52.28 | 59.45 | NOTE | |
r-devel-linux-x86_64-debian-gcc | 0.1.2 | 5.11 | 38.52 | 43.63 | NOTE | |
r-devel-linux-x86_64-fedora-clang | 0.1.2 | 72.56 | NOTE | |||
r-devel-linux-x86_64-fedora-gcc | 0.1.2 | 68.18 | NOTE | |||
r-prerel-macos-arm64 | 0.1.2 | 25.00 | NOTE | |||
r-prerel-windows-x86_64 | 0.1.2 | 6.00 | 54.00 | 60.00 | NOTE | |
r-patched-linux-x86_64 | 0.1.2 | 4.08 | 48.58 | 52.66 | NOTE | |
r-release-linux-x86_64 | 0.1.2 | 4.01 | 48.99 | 53.00 | NOTE | |
r-release-macos-arm64 | 0.1.2 | 26.00 | NOTE | |||
r-release-macos-x86_64 | 0.1.2 | 40.00 | NOTE | |||
r-release-windows-x86_64 | 0.1.2 | 8.00 | 63.00 | 71.00 | NOTE | |
r-oldrel-macos-arm64 | 0.1.2 | 23.00 | NOTE | |||
r-oldrel-windows-x86_64 | 0.1.2 | 8.00 | 68.00 | 76.00 | NOTE |
Version: 0.1.2
Check: LazyData
Result: NOTE
'LazyData' is specified without a 'data' directory
Flavors: r-devel-linux-x86_64-debian-clang, r-devel-linux-x86_64-debian-gcc, r-devel-linux-x86_64-fedora-clang, r-devel-linux-x86_64-fedora-gcc, r-prerel-macos-arm64, r-prerel-windows-x86_64, r-patched-linux-x86_64, r-release-linux-x86_64, r-release-macos-arm64, r-release-macos-x86_64, r-release-windows-x86_64, r-oldrel-macos-arm64, r-oldrel-windows-x86_64