Last updated on 2025-11-11 02:50:50 CET.
| Flavor | Version | Tinstall | Tcheck | Ttotal | Status | Flags |
|---|---|---|---|---|---|---|
| r-devel-linux-x86_64-debian-clang | 1.1.3 | 5.97 | 50.22 | 56.19 | NOTE | |
| r-devel-linux-x86_64-debian-gcc | 1.1.3 | 4.13 | 37.12 | 41.25 | NOTE | |
| r-devel-linux-x86_64-fedora-clang | 1.1.3 | 13.00 | 68.96 | 81.96 | OK | |
| r-devel-linux-x86_64-fedora-gcc | 1.1.3 | 11.00 | 65.56 | 76.56 | OK | |
| r-devel-windows-x86_64 | 1.1.3 | 7.00 | 66.00 | 73.00 | OK | |
| r-patched-linux-x86_64 | 1.1.3 | 6.11 | 44.60 | 50.71 | OK | |
| r-release-linux-x86_64 | 1.1.3 | 5.36 | 45.06 | 50.42 | OK | |
| r-release-macos-arm64 | 1.1.3 | 3.00 | 26.00 | 29.00 | OK | |
| r-release-macos-x86_64 | 1.1.3 | 5.00 | 42.00 | 47.00 | OK | |
| r-release-windows-x86_64 | 1.1.3 | 8.00 | 65.00 | 73.00 | OK | |
| r-oldrel-macos-arm64 | 1.1.3 | 3.00 | 26.00 | 29.00 | OK | |
| r-oldrel-macos-x86_64 | 1.1.3 | 4.00 | 37.00 | 41.00 | OK | |
| r-oldrel-windows-x86_64 | 1.1.3 | 10.00 | 77.00 | 87.00 | OK |
Version: 1.1.3
Check: CRAN incoming feasibility
Result: NOTE
Maintainer: ‘Robrecht Cannoodt <rcannood@gmail.com>’
Package CITATION file contains call(s) to old-style citEntry(). Please
use bibentry() instead.
Flavors: r-devel-linux-x86_64-debian-clang, r-devel-linux-x86_64-debian-gcc
Version: 1.1.3
Check: DESCRIPTION meta-information
Result: NOTE
Author field differs from that derived from Authors@R
Author: ‘Robrecht Cannoodt [aut, cre] (<https://orcid.org/0000-0003-3641-729X>, rcannood), Wouter Saelens [aut] (<https://orcid.org/0000-0002-7114-6248>, zouter)’
Authors@R: ‘Robrecht Cannoodt [aut, cre] (ORCID: <https://orcid.org/0000-0003-3641-729X>, github: rcannood), Wouter Saelens [aut] (ORCID: <https://orcid.org/0000-0002-7114-6248>, github: zouter)’
Flavors: r-devel-linux-x86_64-debian-clang, r-devel-linux-x86_64-debian-gcc