Last updated on 2022-06-29 01:50:29 CEST.
Flavor | Version | Tinstall | Tcheck | Ttotal | Status | Flags |
---|---|---|---|---|---|---|
r-devel-linux-x86_64-debian-clang | 1.50 | 88.49 | 400.05 | 488.54 | OK | |
r-devel-linux-x86_64-debian-gcc | 1.50 | 69.11 | 289.37 | 358.48 | OK | |
r-devel-linux-x86_64-fedora-clang | 1.50 | 583.83 | NOTE | |||
r-devel-linux-x86_64-fedora-gcc | 1.50 | 579.64 | OK | |||
r-devel-windows-x86_64 | 1.50 | 288.00 | 426.00 | 714.00 | NOTE | |
r-patched-linux-x86_64 | 1.50 | 81.70 | 369.65 | 451.35 | OK | |
r-release-linux-x86_64 | 1.50 | 70.53 | 374.23 | 444.76 | OK | |
r-release-macos-arm64 | 1.50 | 137.00 | NOTE | |||
r-release-macos-x86_64 | 1.50 | 198.00 | NOTE | |||
r-release-windows-x86_64 | 1.50 | 309.00 | 411.00 | 720.00 | NOTE | |
r-oldrel-macos-arm64 | 1.50 | 151.00 | NOTE | |||
r-oldrel-macos-x86_64 | 1.50 | 192.00 | NOTE | |||
r-oldrel-windows-ix86+x86_64 | 1.50 | 185.00 | 596.00 | 781.00 | NOTE |
Version: 1.50
Check: installed package size
Result: NOTE
installed size is 11.4Mb
sub-directories of 1Mb or more:
R 1.7Mb
contrib 3.8Mb
doc 3.0Mb
libs 1.4Mb
Flavors: r-devel-linux-x86_64-fedora-clang, r-devel-windows-x86_64, r-release-macos-arm64, r-release-macos-x86_64, r-release-windows-x86_64, r-oldrel-macos-arm64, r-oldrel-macos-x86_64, r-oldrel-windows-ix86+x86_64