Last updated on 2025-11-11 02:50:50 CET.
| Flavor | Version | Tinstall | Tcheck | Ttotal | Status | Flags |
|---|---|---|---|---|---|---|
| r-devel-linux-x86_64-debian-clang | 0.38 | 482.04 | 212.33 | 694.37 | OK | |
| r-devel-linux-x86_64-debian-gcc | 0.38 | 355.25 | 141.35 | 496.60 | OK | |
| r-devel-linux-x86_64-fedora-clang | 0.38 | 2220.00 | -771.16 | 1448.84 | OK | |
| r-devel-linux-x86_64-fedora-gcc | 0.38 | 900.00 | 383.18 | 1283.18 | OK | |
| r-devel-windows-x86_64 | 0.38 | 587.00 | 267.00 | 854.00 | OK | |
| r-patched-linux-x86_64 | 0.38 | 524.99 | 209.15 | 734.14 | OK | |
| r-release-linux-x86_64 | 0.38 | 510.06 | 207.03 | 717.09 | OK | |
| r-release-macos-arm64 | 0.38 | 193.00 | 78.00 | 271.00 | OK | |
| r-release-macos-x86_64 | 0.38 | 139.00 | 196.00 | 335.00 | OK | |
| r-release-windows-x86_64 | 0.38 | 581.00 | 266.00 | 847.00 | OK | |
| r-oldrel-macos-arm64 | 0.38 | 173.00 | 83.00 | 256.00 | NOTE | |
| r-oldrel-macos-x86_64 | 0.38 | 149.00 | 180.00 | 329.00 | NOTE | |
| r-oldrel-windows-x86_64 | 0.38 | 694.00 | 333.00 | 1027.00 | NOTE |
Version: 0.38
Check: installed package size
Result: NOTE
installed size is 48.4Mb
sub-directories of 1Mb or more:
extdata 3.3Mb
libs 43.7Mb
Flavors: r-oldrel-macos-arm64, r-oldrel-macos-x86_64, r-oldrel-windows-x86_64