CRAN Package Check Results for Package qtl2pattern

Last updated on 2022-01-17 01:48:32 CET.

Flavor Version Tinstall Tcheck Ttotal Status Flags
r-devel-linux-x86_64-debian-clang 1.0.17 8.45 97.59 106.04 OK
r-devel-linux-x86_64-debian-gcc 1.0.17 8.50 73.85 82.35 OK
r-devel-linux-x86_64-fedora-clang 1.0.17 129.06 NOTE
r-devel-linux-x86_64-fedora-gcc 1.0.17 113.36 NOTE
r-devel-windows-x86_64-new-UL 1.0.17 81.00 124.00 205.00 OK
r-devel-windows-x86_64-new-TK 1.0.17 NOTE
r-patched-linux-x86_64 1.0.17 9.02 90.10 99.12 OK
r-release-linux-x86_64 1.0.17 OK
r-release-macos-arm64 1.0.17 NOTE
r-release-macos-x86_64 1.0.17 NOTE
r-release-windows-ix86+x86_64 1.0.17 20.00 108.00 128.00 OK
r-oldrel-macos-x86_64 1.0.17 NOTE
r-oldrel-windows-ix86+x86_64 1.0.17 20.00 112.00 132.00 OK

Check Details

Version: 1.0.17
Check: dependencies in R code
Result: NOTE
    Namespaces in Imports field not imported from:
     ‘RColorBrewer’ ‘purrr’
     All declared Imports should be used.
Flavors: r-devel-linux-x86_64-fedora-clang, r-devel-linux-x86_64-fedora-gcc, r-devel-windows-x86_64-new-TK, r-release-macos-arm64, r-release-macos-x86_64, r-oldrel-macos-x86_64