Last updated on 2025-05-05 01:50:58 CEST.
Flavor | Version | Tinstall | Tcheck | Ttotal | Status | Flags |
---|---|---|---|---|---|---|
r-devel-linux-x86_64-debian-clang | 0.18-8 | 1.59 | 22.82 | 24.41 | NOTE | |
r-devel-linux-x86_64-debian-gcc | 0.18-8 | 1.33 | 18.36 | 19.69 | NOTE | |
r-devel-linux-x86_64-fedora-clang | 0.18-8 | 37.43 | OK | |||
r-devel-linux-x86_64-fedora-gcc | 0.18-8 | 36.22 | OK | |||
r-devel-windows-x86_64 | 0.18-8 | 2.00 | 45.00 | 47.00 | OK | |
r-patched-linux-x86_64 | 0.18-8 | 1.90 | 21.78 | 23.68 | OK | |
r-release-linux-x86_64 | 0.18-8 | 1.67 | 21.65 | 23.32 | OK | |
r-release-macos-arm64 | 0.18-8 | 19.00 | OK | |||
r-release-macos-x86_64 | 0.18-8 | 26.00 | OK | |||
r-release-windows-x86_64 | 0.18-8 | 3.00 | 48.00 | 51.00 | OK | |
r-oldrel-macos-arm64 | 0.18-8 | 17.00 | OK | |||
r-oldrel-macos-x86_64 | 0.18-8 | 23.00 | OK | |||
r-oldrel-windows-x86_64 | 0.18-8 | 3.00 | 51.00 | 54.00 | OK |
Version: 0.18-8
Check: CRAN incoming feasibility
Result: NOTE
Maintainer: ‘Karl W Broman <broman@wisc.edu>’
Package CITATION file contains call(s) to old-style personList() or
as.personList(). Please use c() on person objects instead.
Package CITATION file contains call(s) to old-style citEntry(). Please
use bibentry() instead.
Flavors: r-devel-linux-x86_64-debian-clang, r-devel-linux-x86_64-debian-gcc