Last updated on 2025-11-11 02:50:50 CET.
| Flavor | Version | Tinstall | Tcheck | Ttotal | Status | Flags |
|---|---|---|---|---|---|---|
| r-devel-linux-x86_64-debian-clang | 1.0 | 4.73 | 43.07 | 47.80 | NOTE | |
| r-devel-linux-x86_64-debian-gcc | 1.0 | 4.66 | 42.90 | 47.56 | NOTE | |
| r-devel-linux-x86_64-fedora-clang | 1.0 | 11.00 | 62.40 | 73.40 | OK | |
| r-devel-linux-x86_64-fedora-gcc | 1.0 | 13.00 | 59.24 | 72.24 | OK | |
| r-devel-windows-x86_64 | 1.0 | 6.00 | 58.00 | 64.00 | OK | |
| r-patched-linux-x86_64 | 1.0 | 4.17 | 35.96 | 40.13 | OK | |
| r-release-linux-x86_64 | 1.0 | 3.39 | 36.14 | 39.53 | OK | |
| r-release-macos-arm64 | 1.0 | 3.00 | 26.00 | 29.00 | OK | |
| r-release-macos-x86_64 | 1.0 | 6.00 | 45.00 | 51.00 | OK | |
| r-release-windows-x86_64 | 1.0 | 7.00 | 54.00 | 61.00 | OK | |
| r-oldrel-macos-arm64 | 1.0 | 3.00 | 26.00 | 29.00 | OK | |
| r-oldrel-macos-x86_64 | 1.0 | 4.00 | 41.00 | 45.00 | OK | |
| r-oldrel-windows-x86_64 | 1.0 | 8.00 | 65.00 | 73.00 | OK |
Version: 1.0
Check: CRAN incoming feasibility
Result: NOTE
Maintainer: ‘Ivan D. Pavicevic <ivanp84@gmail.com>’
No Authors@R field in DESCRIPTION.
Please add one, modifying
Authors@R: person(given = c("Ivan", "D."),
family = "Pavicevic",
role = c("aut", "cre"),
email = "ivanp84@gmail.com")
as necessary.
Flavors: r-devel-linux-x86_64-debian-clang, r-devel-linux-x86_64-debian-gcc