Last updated on 2022-05-22 01:51:35 CEST.
Flavor | Version | Tinstall | Tcheck | Ttotal | Status | Flags |
---|---|---|---|---|---|---|
r-devel-linux-x86_64-debian-clang | 0.5.0 | 28.45 | 307.77 | 336.22 | OK | |
r-devel-linux-x86_64-debian-gcc | 0.5.0 | 22.12 | 228.30 | 250.42 | OK | |
r-devel-linux-x86_64-fedora-clang | 0.5.0 | 394.46 | NOTE | |||
r-devel-linux-x86_64-fedora-gcc | 0.5.0 | 388.70 | NOTE | |||
r-devel-windows-x86_64 | 0.5.0 | 48.00 | 306.00 | 354.00 | OK | |
r-patched-linux-x86_64 | 0.5.0 | 24.12 | 299.53 | 323.65 | OK | |
r-release-linux-x86_64 | 0.5.0 | 26.42 | 296.03 | 322.45 | OK | |
r-release-macos-arm64 | 0.5.0 | 75.00 | NOTE | |||
r-release-macos-x86_64 | 0.5.0 | 184.00 | NOTE | |||
r-release-windows-x86_64 | 0.5.0 | 44.00 | 302.00 | 346.00 | OK | |
r-oldrel-macos-arm64 | 0.5.0 | 52.00 | NOTE | |||
r-oldrel-macos-x86_64 | 0.5.0 | 92.00 | NOTE | |||
r-oldrel-windows-ix86+x86_64 | 0.5.0 | 62.00 | 310.00 | 372.00 | OK |
Version: 0.5.0
Check: dependencies in R code
Result: NOTE
Namespace in Imports field not imported from: ‘viridis’
All declared Imports should be used.
Flavors: r-devel-linux-x86_64-fedora-clang, r-devel-linux-x86_64-fedora-gcc, r-release-macos-arm64, r-release-macos-x86_64, r-oldrel-macos-arm64, r-oldrel-macos-x86_64
Version: 0.5.0
Check: Rd cross-references
Result: NOTE
Undeclared package ‘rgl’ in Rd xrefs
Flavor: r-devel-linux-x86_64-fedora-clang