Last updated on 2024-04-19 01:58:55 CEST.
Flavor | Version | Tinstall | Tcheck | Ttotal | Status | Flags |
---|---|---|---|---|---|---|
r-devel-linux-x86_64-debian-clang | 0.2-11 | 123.01 | 182.31 | 305.32 | OK | |
r-devel-linux-x86_64-debian-gcc | 0.2-11 | 107.02 | 129.56 | 236.58 | OK | |
r-devel-linux-x86_64-fedora-clang | 0.2-11 | 414.89 | OK | |||
r-devel-linux-x86_64-fedora-gcc | 0.2-11 | 426.06 | OK | |||
r-prerel-macos-arm64 | 0.2-11 | 94.00 | NOTE | |||
r-prerel-windows-x86_64 | 0.2-11 | 99.00 | 180.00 | 279.00 | OK | |
r-patched-linux-x86_64 | 0.2-11 | 127.34 | 176.73 | 304.07 | OK | |
r-release-linux-x86_64 | 0.2-11 | 134.17 | 180.46 | 314.63 | OK | |
r-release-macos-arm64 | 0.2-11 | 128.00 | NOTE | |||
r-release-macos-x86_64 | 0.2-11 | 210.00 | NOTE | |||
r-release-windows-x86_64 | 0.2-11 | 128.00 | 210.00 | 338.00 | OK | |
r-oldrel-macos-arm64 | 0.2-11 | 102.00 | NOTE | |||
r-oldrel-windows-x86_64 | 0.2-11 | 123.00 | 198.00 | 321.00 | OK |
Version: 0.2-11
Check: installed package size
Result: NOTE
installed size is 7.8Mb
sub-directories of 1Mb or more:
libs 7.4Mb
Flavors: r-prerel-macos-arm64, r-release-macos-arm64, r-release-macos-x86_64, r-oldrel-macos-arm64