Last updated on 2022-06-26 01:48:58 CEST.
Flavor | Version | Tinstall | Tcheck | Ttotal | Status | Flags |
---|---|---|---|---|---|---|
r-devel-linux-x86_64-debian-clang | 0.4.20 | 17.54 | 95.66 | 113.20 | NOTE | |
r-devel-linux-x86_64-debian-gcc | 0.4.20 | 14.57 | 71.74 | 86.31 | NOTE | |
r-devel-linux-x86_64-fedora-clang | 0.4.20 | 149.34 | OK | |||
r-devel-linux-x86_64-fedora-gcc | 0.4.20 | 143.46 | OK | |||
r-devel-windows-x86_64 | 0.4.20 | 105.00 | 115.00 | 220.00 | OK | |
r-patched-linux-x86_64 | 0.4.20 | 19.92 | 88.37 | 108.29 | NOTE | |
r-release-linux-x86_64 | 0.4.20 | 15.07 | 89.23 | 104.30 | NOTE | |
r-release-macos-arm64 | 0.4.20 | 36.00 | OK | |||
r-release-macos-x86_64 | 0.4.20 | 57.00 | OK | |||
r-release-windows-x86_64 | 0.4.20 | 125.00 | 111.00 | 236.00 | OK | |
r-oldrel-macos-arm64 | 0.4.20 | 37.00 | OK | |||
r-oldrel-macos-x86_64 | 0.4.20 | 49.00 | OK | |||
r-oldrel-windows-ix86+x86_64 | 0.4.20 | 32.00 | 112.00 | 144.00 | OK |
Version: 0.4.20
Check: R code for possible problems
Result: NOTE
Found the following calls to attach():
File 'quantmod/R/attachSymbols.R':
attach(NULL, pos = pos, name = DB$name)
attach(NULL, pos = pos, name = DB$name)
See section 'Good practice' in '?attach'.
Flavors: r-devel-linux-x86_64-debian-clang, r-devel-linux-x86_64-debian-gcc, r-patched-linux-x86_64, r-release-linux-x86_64