Last updated on 2024-04-19 01:58:55 CEST.
Flavor | Version | Tinstall | Tcheck | Ttotal | Status | Flags |
---|---|---|---|---|---|---|
r-devel-linux-x86_64-debian-clang | 1.7-0 | 14.44 | 117.67 | 132.11 | NOTE | |
r-devel-linux-x86_64-debian-gcc | 1.7-0 | 12.19 | 87.34 | 99.53 | NOTE | |
r-devel-linux-x86_64-fedora-clang | 1.7-0 | 162.53 | NOTE | |||
r-devel-linux-x86_64-fedora-gcc | 1.7-0 | 169.03 | NOTE | |||
r-prerel-macos-arm64 | 1.7-0 | 46.00 | NOTE | |||
r-prerel-windows-x86_64 | 1.7-0 | 13.00 | 101.00 | 114.00 | NOTE | |
r-patched-linux-x86_64 | 1.7-0 | 17.09 | 109.90 | 126.99 | NOTE | |
r-release-linux-x86_64 | 1.7-0 | 12.77 | 113.32 | 126.09 | OK | |
r-release-macos-arm64 | 1.7-0 | 47.00 | OK | |||
r-release-macos-x86_64 | 1.7-0 | 147.00 | OK | |||
r-release-windows-x86_64 | 1.7-0 | 17.00 | 116.00 | 133.00 | OK | |
r-oldrel-macos-arm64 | 1.7-0 | 46.00 | OK | |||
r-oldrel-windows-x86_64 | 1.7-0 | 17.00 | 122.00 | 139.00 | OK |
Version: 1.7-0
Check: Rd files
Result: NOTE
checkRd: (-1) ps.Rd:77: Lost braces; missing escapes or markup?
77 | such as [x, ..., x^{d-1}, Z], where \eqn{Z= B D'(DD')^{-1}}{Z= B D'(DD')^{-1}}, \eqn{d}{d} is the difference order and \eqn{B}{B} is the B-spline basis. Only the coefficients of Z are penalized via an identity matrix. Currently \code{decom=TRUE} does not work with shape (monotonicity and concavity) restrictions and noncrossing constraints.
| ^
Flavors: r-devel-linux-x86_64-debian-clang, r-devel-linux-x86_64-debian-gcc, r-devel-linux-x86_64-fedora-clang, r-devel-linux-x86_64-fedora-gcc, r-prerel-macos-arm64, r-prerel-windows-x86_64, r-patched-linux-x86_64