Last updated on 2024-04-19 01:58:55 CEST.
Flavor | Version | Tinstall | Tcheck | Ttotal | Status | Flags |
---|---|---|---|---|---|---|
r-devel-linux-x86_64-debian-clang | 1.0 | 46.14 | 37.86 | 84.00 | NOTE | |
r-devel-linux-x86_64-debian-gcc | 1.0 | 36.82 | 28.50 | 65.32 | NOTE | |
r-devel-linux-x86_64-fedora-clang | 1.0 | 133.81 | NOTE | |||
r-devel-linux-x86_64-fedora-gcc | 1.0 | 117.97 | NOTE | |||
r-prerel-macos-arm64 | 1.0 | 30.00 | NOTE | |||
r-prerel-windows-x86_64 | 1.0 | 40.00 | 64.00 | 104.00 | NOTE | |
r-patched-linux-x86_64 | 1.0 | 42.76 | 35.85 | 78.61 | NOTE | |
r-release-linux-x86_64 | 1.0 | 42.99 | 35.86 | 78.85 | NOTE | |
r-release-macos-arm64 | 1.0 | 34.00 | NOTE | |||
r-release-macos-x86_64 | 1.0 | 54.00 | NOTE | |||
r-release-windows-x86_64 | 1.0 | 51.00 | 75.00 | 126.00 | NOTE | |
r-oldrel-macos-arm64 | 1.0 | 34.00 | NOTE | |||
r-oldrel-windows-x86_64 | 1.0 | 48.00 | 76.00 | 124.00 | NOTE |
Version: 1.0
Check: LazyData
Result: NOTE
'LazyData' is specified without a 'data' directory
Flavors: r-devel-linux-x86_64-debian-clang, r-devel-linux-x86_64-debian-gcc, r-devel-linux-x86_64-fedora-clang, r-devel-linux-x86_64-fedora-gcc, r-prerel-macos-arm64, r-prerel-windows-x86_64, r-patched-linux-x86_64, r-release-linux-x86_64, r-release-macos-arm64, r-release-macos-x86_64, r-release-windows-x86_64, r-oldrel-macos-arm64, r-oldrel-windows-x86_64