Last updated on 2024-08-16 01:48:27 CEST.
Flavor | Version | Tinstall | Tcheck | Ttotal | Status | Flags |
---|---|---|---|---|---|---|
r-devel-linux-x86_64-debian-clang | 1.0.0 | 2.07 | 35.22 | 37.29 | OK | |
r-devel-linux-x86_64-debian-gcc | 1.0.0 | 1.59 | 24.82 | 26.41 | OK | |
r-devel-linux-x86_64-fedora-clang | 1.0.0 | 59.92 | NOTE | |||
r-devel-linux-x86_64-fedora-gcc | 1.0.0 | 56.39 | OK | |||
r-devel-windows-x86_64 | 1.0.0 | 3.00 | 55.00 | 58.00 | OK | |
r-patched-linux-x86_64 | 1.0.0 | 2.07 | 32.93 | 35.00 | OK | |
r-release-linux-x86_64 | 1.0.0 | 1.46 | 33.45 | 34.91 | OK | |
r-release-macos-arm64 | 1.0.0 | 24.00 | OK | |||
r-release-macos-x86_64 | 1.0.0 | 49.00 | OK | |||
r-release-windows-x86_64 | 1.0.0 | 3.00 | 55.00 | 58.00 | OK | |
r-oldrel-macos-arm64 | 1.0.0 | 31.00 | OK | |||
r-oldrel-macos-x86_64 | 1.0.0 | 60.00 | OK | |||
r-oldrel-windows-x86_64 | 1.0.0 | 4.00 | 61.00 | 65.00 | OK |
Version: 1.0.0
Check: Rd cross-references
Result: NOTE
Undeclared package ‘quantreg’ in Rd xrefs
Flavor: r-devel-linux-x86_64-fedora-clang