CRAN Package Check Results for Package questionr

Last updated on 2022-05-25 02:52:27 CEST.

Flavor Version Tinstall Tcheck Ttotal Status Flags
r-devel-linux-x86_64-debian-clang 0.7.7 10.55 104.74 115.29 OK
r-devel-linux-x86_64-debian-gcc 0.7.7 8.01 78.20 86.21 OK
r-devel-linux-x86_64-fedora-clang 0.7.7 135.02 NOTE
r-devel-linux-x86_64-fedora-gcc 0.7.7 121.53 NOTE
r-devel-windows-x86_64 0.7.7 50.00 141.00 191.00 OK
r-patched-linux-x86_64 0.7.7 8.89 97.71 106.60 OK
r-release-linux-x86_64 0.7.7 OK
r-release-macos-arm64 0.7.7 44.00 NOTE
r-release-macos-x86_64 0.7.7 71.00 NOTE
r-release-windows-x86_64 0.7.7 39.00 134.00 173.00 OK
r-oldrel-macos-arm64 0.7.7 44.00 NOTE
r-oldrel-macos-x86_64 0.7.7 50.00 NOTE
r-oldrel-windows-ix86+x86_64 0.7.7 22.00 125.00 147.00 OK

Check Details

Version: 0.7.7
Check: data for non-ASCII characters
Result: NOTE
     Note: found 8504 marked UTF-8 strings
Flavors: r-devel-linux-x86_64-fedora-clang, r-devel-linux-x86_64-fedora-gcc, r-release-macos-arm64, r-release-macos-x86_64, r-oldrel-macos-arm64, r-oldrel-macos-x86_64