CRAN Package Check Results for Package questionr

Last updated on 2020-11-27 01:47:19 CET.

Flavor Version Tinstall Tcheck Ttotal Status Flags
r-devel-linux-x86_64-debian-clang 0.7.3 9.59 74.69 84.28 OK
r-devel-linux-x86_64-debian-gcc 0.7.3 7.49 54.31 61.80 OK
r-devel-linux-x86_64-fedora-clang 0.7.3 100.85 NOTE
r-devel-linux-x86_64-fedora-gcc 0.7.3 90.63 NOTE
r-devel-windows-ix86+x86_64 0.7.3 18.00 71.00 89.00 OK
r-patched-linux-x86_64 0.7.3 10.95 69.84 80.79 OK
r-patched-solaris-x86 0.7.3 122.20 NOTE
r-release-linux-x86_64 0.7.3 9.55 71.09 80.64 OK
r-release-macos-x86_64 0.7.3 NOTE
r-release-windows-ix86+x86_64 0.7.3 19.00 98.00 117.00 OK
r-oldrel-macos-x86_64 0.7.3 NOTE
r-oldrel-windows-ix86+x86_64 0.7.3 14.00 78.00 92.00 OK

Check Details

Version: 0.7.3
Check: Rd cross-references
Result: NOTE
    Undeclared package ‘Hmisc’ in Rd xrefs
Flavor: r-devel-linux-x86_64-fedora-clang

Version: 0.7.3
Check: data for non-ASCII characters
Result: NOTE
     Note: found 4145 marked UTF-8 strings
Flavors: r-devel-linux-x86_64-fedora-clang, r-devel-linux-x86_64-fedora-gcc, r-patched-solaris-x86, r-release-macos-x86_64, r-oldrel-macos-x86_64