Last updated on 2024-03-28 01:54:07 CET.
Flavor | Version | Tinstall | Tcheck | Ttotal | Status | Flags |
---|---|---|---|---|---|---|
r-devel-linux-x86_64-debian-clang | 0.7.8 | 9.89 | 90.27 | 100.16 | OK | |
r-devel-linux-x86_64-debian-gcc | 0.7.8 | 7.15 | 66.99 | 74.14 | OK | |
r-devel-linux-x86_64-fedora-clang | 0.7.8 | 137.37 | NOTE | |||
r-devel-linux-x86_64-fedora-gcc | 0.7.8 | 140.00 | NOTE | |||
r-devel-windows-x86_64 | 0.7.8 | 10.00 | 97.00 | 107.00 | OK | |
r-patched-linux-x86_64 | 0.7.8 | 6.71 | 85.14 | 91.85 | OK | |
r-release-linux-x86_64 | 0.7.8 | 6.62 | 85.65 | 92.27 | OK | |
r-release-macos-arm64 | 0.7.8 | 50.00 | OK | |||
r-release-macos-x86_64 | 0.7.8 | 67.00 | NOTE | |||
r-release-windows-x86_64 | 0.7.8 | 13.00 | 109.00 | 122.00 | OK | |
r-oldrel-macos-arm64 | 0.7.8 | 39.00 | OK | |||
r-oldrel-windows-x86_64 | 0.7.8 | 13.00 | 116.00 | 129.00 | OK |
Version: 0.7.8
Check: data for non-ASCII characters
Result: NOTE
Note: found 8504 marked UTF-8 strings
Flavors: r-devel-linux-x86_64-fedora-clang, r-devel-linux-x86_64-fedora-gcc
Version: 0.7.8
Check: package dependencies
Result: NOTE
Package suggested but not available for checking: ‘survey’
Flavor: r-release-macos-x86_64
Version: 0.7.8
Check: Rd cross-references
Result: NOTE
Package unavailable to check Rd xrefs: ‘survey’
Flavor: r-release-macos-x86_64