CRAN Package Check Results for Package quiddich

Last updated on 2022-08-13 01:49:06 CEST.

Flavor Version Tinstall Tcheck Ttotal Status Flags
r-devel-linux-x86_64-debian-clang 1.0.0 3.62 43.16 46.78 NOTE
r-devel-linux-x86_64-debian-gcc 1.0.0 2.15 32.63 34.78 NOTE
r-devel-linux-x86_64-fedora-clang 1.0.0 66.46 NOTE
r-devel-linux-x86_64-fedora-gcc 1.0.0 65.40 NOTE
r-devel-windows-x86_64 1.0.0 10.00 70.00 80.00 NOTE
r-patched-linux-x86_64 1.0.0 3.64 41.35 44.99 NOTE
r-release-linux-x86_64 1.0.0 3.40 42.33 45.73 NOTE
r-release-macos-arm64 1.0.0 20.00 NOTE
r-release-macos-x86_64 1.0.0 31.00 NOTE
r-release-windows-x86_64 1.0.0 8.00 70.00 78.00 NOTE
r-oldrel-macos-arm64 1.0.0 25.00 NOTE
r-oldrel-macos-x86_64 1.0.0 39.00 NOTE
r-oldrel-windows-ix86+x86_64 1.0.0 8.00 64.00 72.00 NOTE

Check Details

Version: 1.0.0
Check: LazyData
Result: NOTE
     'LazyData' is specified without a 'data' directory
Flavors: r-devel-linux-x86_64-debian-clang, r-devel-linux-x86_64-debian-gcc, r-devel-linux-x86_64-fedora-clang, r-devel-linux-x86_64-fedora-gcc, r-devel-windows-x86_64, r-patched-linux-x86_64, r-release-linux-x86_64, r-release-macos-arm64, r-release-macos-x86_64, r-release-windows-x86_64, r-oldrel-macos-arm64, r-oldrel-macos-x86_64, r-oldrel-windows-ix86+x86_64