CRAN Package Check Results for Package quokar

Last updated on 2022-01-18 01:52:10 CET.

Flavor Version Tinstall Tcheck Ttotal Status Flags
r-devel-linux-x86_64-debian-clang 0.1.0 19.66 195.34 215.00 OK
r-devel-linux-x86_64-debian-gcc 0.1.0 14.93 143.51 158.44 OK
r-devel-linux-x86_64-fedora-clang 0.1.0 255.21 NOTE
r-devel-linux-x86_64-fedora-gcc 0.1.0 238.90 NOTE
r-devel-windows-x86_64-new-UL 0.1.0 54.00 208.00 262.00 OK
r-devel-windows-x86_64-new-TK 0.1.0 NOTE
r-patched-linux-x86_64 0.1.0 17.05 178.17 195.22 OK
r-release-linux-x86_64 0.1.0 OK
r-release-macos-arm64 0.1.0 NOTE
r-release-macos-x86_64 0.1.0 NOTE
r-release-windows-ix86+x86_64 0.1.0 47.00 272.00 319.00 OK
r-oldrel-macos-x86_64 0.1.0 NOTE
r-oldrel-windows-ix86+x86_64 0.1.0 47.00 279.00 326.00 OK

Check Details

Version: 0.1.0
Check: dependencies in R code
Result: NOTE
    Namespaces in Imports field not imported from:
     ‘MCMCpack’ ‘gridExtra’ ‘knitr’
     All declared Imports should be used.
Flavors: r-devel-linux-x86_64-fedora-clang, r-devel-linux-x86_64-fedora-gcc, r-devel-windows-x86_64-new-TK, r-release-macos-arm64, r-release-macos-x86_64, r-oldrel-macos-x86_64