CRAN Package Check Results for Package r4ss

Last updated on 2020-02-21 11:49:12 CET.

Flavor Version Tinstall Tcheck Ttotal Status Flags
r-devel-linux-x86_64-debian-clang 1.36.1 46.34 182.85 229.19 OK
r-devel-linux-x86_64-debian-gcc 1.36.1 39.00 132.18 171.18 OK
r-devel-linux-x86_64-fedora-clang 1.36.1 267.06 WARN
r-devel-linux-x86_64-fedora-gcc 1.36.1 257.01 OK
r-devel-windows-ix86+x86_64 1.36.1 59.00 161.00 220.00 OK
r-devel-windows-ix86+x86_64-gcc8 1.36.1 83.00 173.00 256.00 OK
r-patched-linux-x86_64 1.36.1 40.69 158.58 199.27 OK
r-patched-solaris-x86 1.36.1 300.00 OK
r-release-linux-x86_64 1.36.1 41.44 161.31 202.75 OK
r-release-windows-ix86+x86_64 1.36.1 56.00 160.00 216.00 OK
r-release-osx-x86_64 1.36.1 OK
r-oldrel-windows-ix86+x86_64 1.36.1 44.00 160.00 204.00 OK
r-oldrel-osx-x86_64 1.36.1 OK

Check Details

Version: 1.36.1
Check: package dependencies
Result: WARN
    Requires orphaned package: ‘gplots’
Flavor: r-devel-linux-x86_64-fedora-clang