Last updated on 2024-03-29 01:51:15 CET.
Flavor | Version | Tinstall | Tcheck | Ttotal | Status | Flags |
---|---|---|---|---|---|---|
r-devel-linux-x86_64-debian-clang | 1.1.9 | 4.96 | 55.92 | 60.88 | OK | |
r-devel-linux-x86_64-debian-gcc | 1.1.9 | 3.65 | 41.94 | 45.59 | OK | |
r-devel-linux-x86_64-fedora-clang | 1.1.9 | 77.97 | NOTE | |||
r-devel-linux-x86_64-fedora-gcc | 1.1.9 | 83.91 | NOTE | |||
r-devel-windows-x86_64 | 1.1.9 | 6.00 | 64.00 | 70.00 | NOTE | |
r-patched-linux-x86_64 | 1.1.9 | 4.05 | 53.61 | 57.66 | OK | |
r-release-linux-x86_64 | 1.1.9 | 4.95 | 52.43 | 57.38 | OK | |
r-release-macos-arm64 | 1.1.9 | 35.00 | NOTE | |||
r-release-macos-x86_64 | 1.1.9 | 44.00 | NOTE | |||
r-release-windows-x86_64 | 1.1.9 | 6.00 | 70.00 | 76.00 | NOTE | |
r-oldrel-macos-arm64 | 1.1.9 | 34.00 | NOTE | |||
r-oldrel-windows-x86_64 | 1.1.9 | 7.00 | 76.00 | 83.00 | NOTE |
Version: 1.1.9
Check: installed package size
Result: NOTE
installed size is 5.7Mb
sub-directories of 1Mb or more:
doc 5.5Mb
Flavors: r-devel-linux-x86_64-fedora-clang, r-devel-windows-x86_64, r-release-macos-arm64, r-release-macos-x86_64, r-release-windows-x86_64, r-oldrel-macos-arm64, r-oldrel-windows-x86_64
Version: 1.1.9
Check: dependencies in R code
Result: NOTE
Namespaces in Imports field not imported from:
‘Hmisc’ ‘car’ ‘dplyr’ ‘grid’ ‘gridExtra’ ‘knitr’ ‘lmerTest’ ‘tidyr’
All declared Imports should be used.
Flavors: r-devel-linux-x86_64-fedora-clang, r-devel-linux-x86_64-fedora-gcc, r-oldrel-macos-arm64