CRAN Package Check Results for Package rAltmetric

Last updated on 2022-05-17 02:53:18 CEST.

Flavor Version Tinstall Tcheck Ttotal Status Flags
r-devel-linux-x86_64-debian-clang 0.7.0 2.00 36.52 38.52 NOTE
r-devel-linux-x86_64-debian-gcc 0.7.0 1.72 28.49 30.21 NOTE
r-devel-linux-x86_64-fedora-clang 0.7.0 47.40 NOTE
r-devel-linux-x86_64-fedora-gcc 0.7.0 45.15 NOTE
r-devel-windows-x86_64 0.7.0 18.00 58.00 76.00 NOTE
r-patched-linux-x86_64 0.7.0 2.30 35.60 37.90 NOTE
r-release-linux-x86_64 0.7.0 1.92 35.98 37.90 NOTE
r-release-macos-arm64 0.7.0 26.00 NOTE
r-release-macos-x86_64 0.7.0 30.00 NOTE
r-release-windows-x86_64 0.7.0 18.00 58.00 76.00 NOTE
r-oldrel-macos-arm64 0.7.0 24.00 NOTE
r-oldrel-macos-x86_64 0.7.0 31.00 NOTE
r-oldrel-windows-ix86+x86_64 0.7.0 6.00 52.00 58.00 NOTE

Check Details

Version: 0.7.0
Check: LazyData
Result: NOTE
     'LazyData' is specified without a 'data' directory
Flavors: r-devel-linux-x86_64-debian-clang, r-devel-linux-x86_64-debian-gcc, r-devel-linux-x86_64-fedora-clang, r-devel-linux-x86_64-fedora-gcc, r-devel-windows-x86_64, r-patched-linux-x86_64, r-release-linux-x86_64, r-release-macos-arm64, r-release-macos-x86_64, r-release-windows-x86_64, r-oldrel-macos-arm64, r-oldrel-macos-x86_64, r-oldrel-windows-ix86+x86_64