Last updated on 2025-05-18 01:50:39 CEST.
Flavor | Version | Tinstall | Tcheck | Ttotal | Status | Flags |
---|---|---|---|---|---|---|
r-devel-linux-x86_64-debian-clang | 2.1.16 | 17.93 | 82.67 | 100.60 | OK | |
r-devel-linux-x86_64-debian-gcc | 2.1.16 | 10.80 | 56.96 | 67.76 | OK | |
r-devel-linux-x86_64-fedora-clang | 2.1.16 | 150.32 | OK | |||
r-devel-linux-x86_64-fedora-gcc | 2.1.16 | 142.80 | OK | |||
r-devel-windows-x86_64 | 2.1.16 | 22.00 | 121.00 | 143.00 | OK | |
r-patched-linux-x86_64 | 2.1.16 | 18.00 | 78.56 | 96.56 | OK | |
r-release-linux-x86_64 | 2.1.16 | 14.76 | 77.78 | 92.54 | OK | |
r-release-macos-arm64 | 2.1.16 | 62.00 | OK | |||
r-release-macos-x86_64 | 2.1.16 | 112.00 | OK | |||
r-release-windows-x86_64 | 2.1.16 | 21.00 | 125.00 | 146.00 | OK | |
r-oldrel-macos-arm64 | 2.1.16 | 49.00 | NOTE | |||
r-oldrel-macos-x86_64 | 2.1.16 | 126.00 | NOTE | |||
r-oldrel-windows-x86_64 | 2.1.16 | 25.00 | 140.00 | 165.00 | NOTE |
Version: 2.1.16
Check: installed package size
Result: NOTE
installed size is 11.9Mb
sub-directories of 1Mb or more:
api 3.1Mb
htmlwidgets 7.1Mb
Flavors: r-oldrel-macos-arm64, r-oldrel-macos-x86_64, r-oldrel-windows-x86_64