Last updated on 2024-03-29 01:51:15 CET.
Flavor | Version | Tinstall | Tcheck | Ttotal | Status | Flags |
---|---|---|---|---|---|---|
r-devel-linux-x86_64-debian-clang | 1.6.0 | 13.44 | 83.84 | 97.28 | OK | |
r-devel-linux-x86_64-debian-gcc | 1.6.0 | 9.11 | 62.08 | 71.19 | OK | |
r-devel-linux-x86_64-fedora-clang | 1.6.0 | 116.87 | NOTE | |||
r-devel-linux-x86_64-fedora-gcc | 1.6.0 | 110.14 | OK | |||
r-devel-windows-x86_64 | 1.6.0 | 12.00 | 84.00 | 96.00 | NOTE | |
r-patched-linux-x86_64 | 1.6.0 | 15.89 | 80.31 | 96.20 | OK | |
r-release-linux-x86_64 | 1.6.0 | 7.36 | 79.04 | 86.40 | OK | |
r-release-macos-arm64 | 1.6.0 | 35.00 | NOTE | |||
r-release-macos-x86_64 | 1.6.0 | 53.00 | NOTE | |||
r-release-windows-x86_64 | 1.6.0 | 15.00 | 100.00 | 115.00 | NOTE | |
r-oldrel-macos-arm64 | 1.6.0 | 34.00 | NOTE | |||
r-oldrel-windows-x86_64 | 1.6.0 | 17.00 | 92.00 | 109.00 | NOTE |
Version: 1.6.0
Check: installed package size
Result: NOTE
installed size is 11.5Mb
sub-directories of 1Mb or more:
htmlwidgets 10.0Mb
super-tiny-icons 1.0Mb
Flavors: r-devel-linux-x86_64-fedora-clang, r-devel-windows-x86_64, r-release-macos-arm64, r-release-macos-x86_64, r-release-windows-x86_64, r-oldrel-macos-arm64, r-oldrel-windows-x86_64