Last updated on 2022-08-12 01:50:12 CEST.
Flavor | Version | Tinstall | Tcheck | Ttotal | Status | Flags |
---|---|---|---|---|---|---|
r-devel-linux-x86_64-debian-clang | 1.5.0 | 10.14 | 76.14 | 86.28 | OK | |
r-devel-linux-x86_64-debian-gcc | 1.5.0 | 8.98 | 57.88 | 66.86 | OK | |
r-devel-linux-x86_64-fedora-clang | 1.5.0 | 110.53 | NOTE | |||
r-devel-linux-x86_64-fedora-gcc | 1.5.0 | 108.55 | OK | |||
r-devel-windows-x86_64 | 1.5.0 | 158.00 | 106.00 | 264.00 | NOTE | |
r-patched-linux-x86_64 | 1.5.0 | 13.22 | 70.50 | 83.72 | OK | |
r-release-linux-x86_64 | 1.5.0 | 9.63 | 71.13 | 80.76 | OK | |
r-release-macos-arm64 | 1.5.0 | 31.00 | NOTE | |||
r-release-macos-x86_64 | 1.5.0 | 60.00 | NOTE | |||
r-release-windows-x86_64 | 1.5.0 | 147.00 | 101.00 | 248.00 | NOTE | |
r-oldrel-macos-arm64 | 1.5.0 | 34.00 | NOTE | |||
r-oldrel-macos-x86_64 | 1.5.0 | 130.00 | NOTE | |||
r-oldrel-windows-ix86+x86_64 | 1.5.0 | 23.00 | 97.00 | 120.00 | NOTE |
Version: 1.5.0
Check: installed package size
Result: NOTE
installed size is 11.3Mb
sub-directories of 1Mb or more:
htmlwidgets 9.8Mb
super-tiny-icons 1.0Mb
Flavors: r-devel-linux-x86_64-fedora-clang, r-devel-windows-x86_64, r-release-macos-arm64, r-release-macos-x86_64, r-release-windows-x86_64, r-oldrel-macos-arm64, r-oldrel-macos-x86_64, r-oldrel-windows-ix86+x86_64