Last updated on 2022-06-30 01:49:17 CEST.
Flavor | Version | Tinstall | Tcheck | Ttotal | Status | Flags |
---|---|---|---|---|---|---|
r-devel-linux-x86_64-debian-clang | 1.13.0 | 188.91 | 105.10 | 294.01 | OK | |
r-devel-linux-x86_64-debian-gcc | 1.13.0 | 167.45 | 81.91 | 249.36 | OK | |
r-devel-linux-x86_64-fedora-clang | 1.13.0 | 463.04 | NOTE | |||
r-devel-linux-x86_64-fedora-gcc | 1.13.0 | 413.14 | OK | |||
r-devel-windows-x86_64 | 1.13.0 | 173.00 | 327.00 | 500.00 | OK | |
r-patched-linux-x86_64 | 1.13.0 | 179.38 | 102.03 | 281.41 | OK | |
r-release-linux-x86_64 | 1.13.0 | 172.01 | 101.22 | 273.23 | OK | |
r-release-macos-arm64 | 1.13.0 | 116.00 | NOTE | |||
r-release-macos-x86_64 | 1.13.0 | 143.00 | NOTE | |||
r-release-windows-x86_64 | 1.13.0 | 138.00 | 224.00 | 362.00 | OK | |
r-oldrel-macos-arm64 | 1.13.0 | 110.00 | NOTE | |||
r-oldrel-macos-x86_64 | 1.13.0 | 144.00 | NOTE | |||
r-oldrel-windows-ix86+x86_64 | 1.13.0 | 435.00 | 270.00 | 705.00 | NOTE |
Version: 1.13.0
Check: installed package size
Result: NOTE
installed size is 10.0Mb
sub-directories of 1Mb or more:
libs 9.1Mb
Flavors: r-devel-linux-x86_64-fedora-clang, r-release-macos-arm64, r-release-macos-x86_64, r-oldrel-macos-arm64, r-oldrel-macos-x86_64, r-oldrel-windows-ix86+x86_64