CRAN Package Check Results for Package rJST

Last updated on 2020-03-31 23:47:19 CEST.

Flavor Version Tinstall Tcheck Ttotal Status Flags
r-devel-linux-x86_64-debian-clang 1.3 70.16 97.72 167.88 ERROR
r-devel-linux-x86_64-debian-gcc 1.3 46.85 70.08 116.93 ERROR
r-devel-linux-x86_64-fedora-clang 1.3 225.93 ERROR
r-devel-linux-x86_64-fedora-gcc 1.3 211.80 ERROR
r-devel-windows-ix86+x86_64 1.3 119.00 160.00 279.00 OK
r-devel-windows-ix86+x86_64-gcc8 1.3 137.00 148.00 285.00 ERROR
r-patched-linux-x86_64 1.3 54.77 97.28 152.05 ERROR
r-patched-solaris-x86 1.3 255.20 ERROR
r-release-linux-x86_64 1.3 56.03 93.74 149.77 ERROR
r-release-windows-ix86+x86_64 1.3 188.00 183.00 371.00 ERROR
r-release-osx-x86_64 1.3 NOTE
r-oldrel-windows-ix86+x86_64 1.3 170.00 170.00 340.00 ERROR
r-oldrel-osx-x86_64 1.3 NOTE

Check Details

Version: 1.3
Check: examples
Result: ERROR
    Running examples in 'rJST-Ex.R' failed
    The error most likely occurred in:
    
    > base::assign(".ptime", proc.time(), pos = "CheckExEnv")
    > ### Name: get_parameter
    > ### Title: Get parameter from (reversed) JST results
    > ### Aliases: get_parameter
    >
    > ### ** Examples
    >
    > data <- quanteda::dfm(quanteda::data_corpus_irishbudget2010)
    Error: 'data_corpus_irishbudget2010' is not an exported object from 'namespace:quanteda'
    Execution halted
Flavors: r-devel-linux-x86_64-debian-clang, r-devel-linux-x86_64-debian-gcc, r-patched-linux-x86_64, r-release-linux-x86_64

Version: 1.3
Check: dependencies in R code
Result: NOTE
    Namespaces in Imports field not imported from:
     ‘Rcpp’ ‘RcppProgress’ ‘magrittr’
     All declared Imports should be used.
Flavors: r-devel-linux-x86_64-fedora-clang, r-devel-linux-x86_64-fedora-gcc, r-patched-solaris-x86, r-release-osx-x86_64, r-oldrel-osx-x86_64

Version: 1.3
Check: examples
Result: ERROR
    Running examples in ‘rJST-Ex.R’ failed
    The error most likely occurred in:
    
    > ### Name: get_parameter
    > ### Title: Get parameter from (reversed) JST results
    > ### Aliases: get_parameter
    >
    > ### ** Examples
    >
    > data <- quanteda::dfm(quanteda::data_corpus_irishbudget2010)
    Error: 'data_corpus_irishbudget2010' is not an exported object from 'namespace:quanteda'
    Execution halted
Flavors: r-devel-linux-x86_64-fedora-clang, r-devel-linux-x86_64-fedora-gcc, r-patched-solaris-x86

Version: 1.3
Check: running examples for arch ‘i386’
Result: ERROR
    Running examples in 'rJST-Ex.R' failed
    The error most likely occurred in:
    
    > ### Name: get_parameter
    > ### Title: Get parameter from (reversed) JST results
    > ### Aliases: get_parameter
    >
    > ### ** Examples
    >
    > data <- quanteda::dfm(quanteda::data_corpus_irishbudget2010)
    Error: 'data_corpus_irishbudget2010' is not an exported object from 'namespace:quanteda'
    Execution halted
Flavors: r-devel-windows-ix86+x86_64-gcc8, r-release-windows-ix86+x86_64, r-oldrel-windows-ix86+x86_64

Version: 1.3
Check: running examples for arch ‘x64’
Result: ERROR
    Running examples in 'rJST-Ex.R' failed
    The error most likely occurred in:
    
    > ### Name: get_parameter
    > ### Title: Get parameter from (reversed) JST results
    > ### Aliases: get_parameter
    >
    > ### ** Examples
    >
    > data <- quanteda::dfm(quanteda::data_corpus_irishbudget2010)
    Error: 'data_corpus_irishbudget2010' is not an exported object from 'namespace:quanteda'
    Execution halted
Flavors: r-devel-windows-ix86+x86_64-gcc8, r-release-windows-ix86+x86_64, r-oldrel-windows-ix86+x86_64