CRAN Package Check Results for Package rKOMICS

Last updated on 2022-05-27 02:50:25 CEST.

Flavor Version Tinstall Tcheck Ttotal Status Flags
r-devel-linux-x86_64-debian-clang 1.1 22.39 254.11 276.50 OK
r-devel-linux-x86_64-debian-gcc 1.1 19.37 205.48 224.85 OK
r-devel-linux-x86_64-fedora-clang 1.1 310.87 NOTE
r-devel-linux-x86_64-fedora-gcc 1.1 298.94 OK
r-devel-windows-x86_64 1.1 95.00 295.00 390.00 NOTE
r-patched-linux-x86_64 1.1 19.66 233.35 253.01 OK
r-release-linux-x86_64 1.1 18.18 234.61 252.79 OK
r-release-macos-arm64 1.1 99.00 NOTE
r-release-macos-x86_64 1.1 174.00 NOTE
r-release-windows-x86_64 1.1 74.00 284.00 358.00 NOTE
r-oldrel-macos-arm64 1.1 62.00 NOTE
r-oldrel-macos-x86_64 1.1 123.00 NOTE
r-oldrel-windows-ix86+x86_64 1.1 65.00 267.00 332.00 NOTE

Check Details

Version: 1.1
Check: installed package size
Result: NOTE
     installed size is 24.8Mb
     sub-directories of 1Mb or more:
     extdata 24.0Mb
Flavors: r-devel-linux-x86_64-fedora-clang, r-devel-windows-x86_64, r-release-macos-arm64, r-release-macos-x86_64, r-release-windows-x86_64, r-oldrel-macos-arm64, r-oldrel-macos-x86_64, r-oldrel-windows-ix86+x86_64