Last updated on 2024-03-28 01:54:09 CET.
Flavor | Version | Tinstall | Tcheck | Ttotal | Status | Flags |
---|---|---|---|---|---|---|
r-devel-linux-x86_64-debian-clang | 1.0.8 | 152.62 | 72.33 | 224.95 | OK | |
r-devel-linux-x86_64-debian-gcc | 1.0.8 | 122.19 | 57.18 | 179.37 | OK | |
r-devel-linux-x86_64-fedora-clang | 1.0.8 | 292.48 | OK | |||
r-devel-linux-x86_64-fedora-gcc | 1.0.8 | 323.15 | OK | |||
r-devel-windows-x86_64 | 1.0.8 | 119.00 | 99.00 | 218.00 | OK | |
r-patched-linux-x86_64 | 1.0.8 | 147.25 | 75.29 | 222.54 | OK | |
r-release-linux-x86_64 | 1.0.8 | 137.94 | 75.17 | 213.11 | OK | |
r-release-macos-arm64 | 1.0.8 | 67.00 | NOTE | |||
r-release-macos-x86_64 | 1.0.8 | 111.00 | NOTE | |||
r-release-windows-x86_64 | 1.0.8 | 148.00 | 118.00 | 266.00 | OK | |
r-oldrel-macos-arm64 | 1.0.8 | 63.00 | NOTE | |||
r-oldrel-windows-x86_64 | 1.0.8 | 134.00 | 111.00 | 245.00 | OK |
Version: 1.0.8
Check: installed package size
Result: NOTE
installed size is 18.9Mb
sub-directories of 1Mb or more:
libs 17.7Mb
Flavors: r-release-macos-arm64, r-release-macos-x86_64, r-oldrel-macos-arm64