CRAN Package Check Results for Package rODE

Last updated on 2022-05-22 01:51:37 CEST.

Flavor Version Tinstall Tcheck Ttotal Status Flags
r-devel-linux-x86_64-debian-clang 0.99.6 5.14 120.28 125.42 NOTE
r-devel-linux-x86_64-debian-gcc 0.99.6 4.12 85.24 89.36 NOTE
r-devel-linux-x86_64-fedora-clang 0.99.6 143.72 NOTE
r-devel-linux-x86_64-fedora-gcc 0.99.6 137.21 NOTE
r-devel-windows-x86_64 0.99.6 80.00 173.00 253.00 NOTE
r-patched-linux-x86_64 0.99.6 6.45 111.54 117.99 NOTE
r-release-linux-x86_64 0.99.6 4.75 109.99 114.74 NOTE
r-release-macos-arm64 0.99.6 42.00 NOTE
r-release-macos-x86_64 0.99.6 70.00 NOTE
r-release-windows-x86_64 0.99.6 82.00 165.00 247.00 NOTE
r-oldrel-macos-arm64 0.99.6 62.00 NOTE
r-oldrel-macos-x86_64 0.99.6 90.00 NOTE
r-oldrel-windows-ix86+x86_64 0.99.6 12.00 160.00 172.00 NOTE

Check Details

Version: 0.99.6
Check: LazyData
Result: NOTE
     'LazyData' is specified without a 'data' directory
Flavors: r-devel-linux-x86_64-debian-clang, r-devel-linux-x86_64-debian-gcc, r-devel-linux-x86_64-fedora-clang, r-devel-linux-x86_64-fedora-gcc, r-devel-windows-x86_64, r-patched-linux-x86_64, r-release-linux-x86_64, r-release-macos-arm64, r-release-macos-x86_64, r-release-windows-x86_64, r-oldrel-macos-arm64, r-oldrel-macos-x86_64, r-oldrel-windows-ix86+x86_64

Version: 0.99.6
Check: dependencies in R code
Result: NOTE
    Namespace in Imports field not imported from: ‘data.table’
     All declared Imports should be used.
Flavors: r-devel-linux-x86_64-fedora-clang, r-devel-linux-x86_64-fedora-gcc, r-release-macos-arm64, r-release-macos-x86_64, r-oldrel-macos-arm64, r-oldrel-macos-x86_64