Last updated on 2023-06-04 01:54:12 CEST.
Flavor | Version | Tinstall | Tcheck | Ttotal | Status | Flags |
---|---|---|---|---|---|---|
r-devel-linux-x86_64-debian-clang | 0.2.1 | 338.23 | 258.89 | 597.12 | NOTE | |
r-devel-linux-x86_64-debian-gcc | 0.2.1 | 243.25 | 462.38 | 705.63 | NOTE | |
r-devel-linux-x86_64-fedora-clang | 0.2.1 | 785.91 | NOTE | |||
r-devel-linux-x86_64-fedora-gcc | 0.2.1 | 822.42 | NOTE | |||
r-devel-windows-x86_64 | 0.2.1 | 206.00 | 185.00 | 391.00 | NOTE | |
r-patched-linux-x86_64 | 0.2.1 | NOTE | ||||
r-release-linux-x86_64 | 0.2.1 | 185.40 | 310.06 | 495.46 | NOTE | |
r-release-macos-arm64 | 0.2.1 | 250.00 | NOTE | |||
r-release-macos-x86_64 | 0.2.1 | 381.00 | NOTE | |||
r-release-windows-x86_64 | 0.2.1 | 269.00 | 296.00 | 565.00 | NOTE | |
r-oldrel-macos-arm64 | 0.2.1 | 146.00 | NOTE | |||
r-oldrel-macos-x86_64 | 0.2.1 | 244.00 | NOTE | |||
r-oldrel-windows-x86_64 | 0.2.1 | 251.00 | 255.00 | 506.00 | NOTE |
Version: 0.2.1
Check: for GNU extensions in Makefiles
Result: NOTE
GNU make is a SystemRequirements.
Flavors: r-devel-linux-x86_64-debian-clang, r-devel-linux-x86_64-debian-gcc, r-devel-linux-x86_64-fedora-clang, r-devel-linux-x86_64-fedora-gcc, r-devel-windows-x86_64, r-patched-linux-x86_64, r-release-linux-x86_64, r-release-macos-arm64, r-release-macos-x86_64, r-release-windows-x86_64, r-oldrel-macos-arm64, r-oldrel-macos-x86_64, r-oldrel-windows-x86_64
Version: 0.2.1
Check: dependencies in R code
Result: NOTE
Namespace in Imports field not imported from: ‘rstantools’
All declared Imports should be used.
Flavors: r-devel-linux-x86_64-fedora-clang, r-devel-linux-x86_64-fedora-gcc
Version: 0.2.1
Check: installed package size
Result: NOTE
installed size is 55.9Mb
sub-directories of 1Mb or more:
libs 54.7Mb
Flavors: r-release-macos-arm64, r-release-macos-x86_64, r-oldrel-macos-arm64, r-oldrel-macos-x86_64