Last updated on 2024-04-20 01:50:11 CEST.
Flavor | Version | Tinstall | Tcheck | Ttotal | Status | Flags |
---|---|---|---|---|---|---|
r-devel-linux-x86_64-debian-clang | 0.2.4 | 348.31 | 338.63 | 686.94 | NOTE | |
r-devel-linux-x86_64-debian-gcc | 0.2.4 | NOTE | ||||
r-devel-linux-x86_64-fedora-clang | 0.2.4 | 777.19 | NOTE | |||
r-devel-linux-x86_64-fedora-gcc | 0.2.4 | 947.99 | NOTE | |||
r-prerel-macos-arm64 | 0.2.4 | 205.00 | NOTE | |||
r-prerel-macos-x86_64 | 0.2.4 | 406.00 | NOTE | |||
r-prerel-windows-x86_64 | 0.2.4 | 264.00 | 270.00 | 534.00 | NOTE | |
r-patched-linux-x86_64 | 0.2.4 | 0.01 | 2.60 | 2.61 | ERROR | |
r-release-linux-x86_64 | 0.2.4 | 311.59 | 440.32 | 751.91 | NOTE | |
r-release-macos-arm64 | 0.2.4 | 150.00 | NOTE | |||
r-release-macos-x86_64 | 0.2.4 | 355.00 | NOTE | |||
r-release-windows-x86_64 | 0.2.4 | 328.00 | 296.00 | 624.00 | NOTE | |
r-oldrel-macos-arm64 | 0.2.4 | 197.00 | NOTE | |||
r-oldrel-windows-x86_64 | 0.2.4 | 324.00 | 300.00 | 624.00 | NOTE |
Version: 0.2.4
Check: for GNU extensions in Makefiles
Result: NOTE
GNU make is a SystemRequirements.
Flavors: r-devel-linux-x86_64-debian-clang, r-devel-linux-x86_64-debian-gcc, r-devel-linux-x86_64-fedora-clang, r-devel-linux-x86_64-fedora-gcc, r-prerel-macos-arm64, r-prerel-macos-x86_64, r-prerel-windows-x86_64, r-release-linux-x86_64, r-release-macos-arm64, r-release-macos-x86_64, r-release-windows-x86_64, r-oldrel-macos-arm64, r-oldrel-windows-x86_64
Version: 0.2.4
Check: dependencies in R code
Result: NOTE
Namespace in Imports field not imported from: ‘rstantools’
All declared Imports should be used.
Flavors: r-devel-linux-x86_64-fedora-clang, r-devel-linux-x86_64-fedora-gcc
Version: 0.2.4
Check: installed package size
Result: NOTE
installed size is 88.7Mb
sub-directories of 1Mb or more:
libs 87.5Mb
Flavors: r-prerel-macos-arm64, r-prerel-macos-x86_64, r-release-macos-arm64, r-release-macos-x86_64, r-oldrel-macos-arm64
Version: 0.2.4
Check: whether package can be installed
Result: ERROR
Installation failed.
Flavor: r-patched-linux-x86_64