Last updated on 2025-11-02 02:50:55 CET.
| Flavor | Version | Tinstall | Tcheck | Ttotal | Status | Flags |
|---|---|---|---|---|---|---|
| r-devel-linux-x86_64-debian-clang | 1.5.0 | 40.99 | 65.58 | 106.57 | OK | |
| r-devel-linux-x86_64-debian-gcc | 1.5.0 | 28.81 | 48.15 | 76.96 | OK | |
| r-devel-linux-x86_64-fedora-clang | 1.5.0 | 105.00 | 81.11 | 186.11 | OK | |
| r-devel-linux-x86_64-fedora-gcc | 1.5.0 | 196.00 | 40.09 | 236.09 | OK | |
| r-devel-windows-x86_64 | 1.5.0 | 69.00 | 92.00 | 161.00 | OK | |
| r-patched-linux-x86_64 | 1.5.0 | 44.64 | 60.69 | 105.33 | OK | |
| r-release-linux-x86_64 | 1.5.0 | 46.23 | 60.51 | 106.74 | OK | |
| r-release-macos-arm64 | 1.5.0 | 20.00 | 118.00 | 138.00 | OK | |
| r-release-macos-x86_64 | 1.5.0 | 20.00 | 110.00 | 130.00 | OK | |
| r-release-windows-x86_64 | 1.5.0 | 57.00 | 90.00 | 147.00 | OK | |
| r-oldrel-macos-arm64 | 1.5.0 | 17.00 | 54.00 | 71.00 | NOTE | |
| r-oldrel-macos-x86_64 | 1.5.0 | 20.00 | 103.00 | 123.00 | NOTE | |
| r-oldrel-windows-x86_64 | 1.5.0 | 68.00 | 118.00 | 186.00 | NOTE |
Version: 1.5.0
Check: for GNU extensions in Makefiles
Result: NOTE
GNU make is a SystemRequirements.
Flavors: r-oldrel-macos-arm64, r-oldrel-macos-x86_64, r-oldrel-windows-x86_64