Last updated on 2025-04-30 01:50:35 CEST.
Flavor | Version | Tinstall | Tcheck | Ttotal | Status | Flags |
---|---|---|---|---|---|---|
r-devel-linux-x86_64-debian-clang | 2.1.2 | 6.08 | 52.36 | 58.44 | NOTE | |
r-devel-linux-x86_64-debian-gcc | 2.1.2 | 3.94 | 38.19 | 42.13 | NOTE | |
r-devel-linux-x86_64-fedora-clang | 2.1.2 | 88.52 | OK | |||
r-devel-linux-x86_64-fedora-gcc | 2.1.2 | 90.55 | OK | |||
r-devel-windows-x86_64 | 2.1.2 | 9.00 | 71.00 | 80.00 | OK | |
r-patched-linux-x86_64 | 2.1.2 | 4.60 | 49.11 | 53.71 | OK | |
r-release-linux-x86_64 | 2.1.2 | 5.54 | 49.54 | 55.08 | OK | |
r-release-macos-arm64 | 2.1.2 | 28.00 | OK | |||
r-release-macos-x86_64 | 2.1.2 | 60.00 | OK | |||
r-release-windows-x86_64 | 2.1.2 | 7.00 | 68.00 | 75.00 | OK | |
r-oldrel-macos-arm64 | 2.1.2 | 34.00 | OK | |||
r-oldrel-macos-x86_64 | 2.1.2 | 92.00 | OK | |||
r-oldrel-windows-x86_64 | 2.1.2 | 9.00 | 79.00 | 88.00 | OK |
Version: 2.1.2
Check: CRAN incoming feasibility
Result: NOTE
Maintainer: ‘Mitra Ebrahimpoor<mitra.ebrahimpoor@gmail.com>’
No Authors@R field in DESCRIPTION.
Please add one, modifying
Authors@R: person(given = "Mitra",
family = "Ebrahimpoor",
role = c("aut", "cre"),
email = "mitra.ebrahimpoor@gmail.com")
as necessary.
Flavors: r-devel-linux-x86_64-debian-clang, r-devel-linux-x86_64-debian-gcc