Last updated on 2024-08-16 01:48:29 CEST.
Flavor | Version | Tinstall | Tcheck | Ttotal | Status | Flags |
---|---|---|---|---|---|---|
r-devel-linux-x86_64-debian-clang | 0.1.1 | 5.75 | 54.51 | 60.26 | OK | |
r-devel-linux-x86_64-debian-gcc | 0.1.1 | 3.82 | 39.27 | 43.09 | OK | |
r-devel-linux-x86_64-fedora-clang | 0.1.1 | 98.38 | NOTE | |||
r-devel-linux-x86_64-fedora-gcc | 0.1.1 | 106.39 | NOTE | |||
r-devel-windows-x86_64 | 0.1.1 | 10.00 | 79.00 | 89.00 | OK | |
r-patched-linux-x86_64 | 0.1.1 | 5.69 | 51.70 | 57.39 | OK | |
r-release-linux-x86_64 | 0.1.1 | 5.47 | 52.24 | 57.71 | OK | |
r-release-macos-arm64 | 0.1.1 | 42.00 | OK | |||
r-release-macos-x86_64 | 0.1.1 | 68.00 | OK | |||
r-release-windows-x86_64 | 0.1.1 | 10.00 | 78.00 | 88.00 | OK | |
r-oldrel-macos-arm64 | 0.1.1 | 38.00 | OK | |||
r-oldrel-macos-x86_64 | 0.1.1 | 58.00 | OK | |||
r-oldrel-windows-x86_64 | 0.1.1 | 13.00 | 91.00 | 104.00 | OK |
Version: 0.1.1
Check: dependencies in R code
Result: NOTE
Namespace in Imports field not imported from: ‘readr’
All declared Imports should be used.
Flavors: r-devel-linux-x86_64-fedora-clang, r-devel-linux-x86_64-fedora-gcc