Last updated on 2023-06-03 01:51:29 CEST.
Flavor | Version | Tinstall | Tcheck | Ttotal | Status | Flags |
---|---|---|---|---|---|---|
r-devel-linux-x86_64-debian-clang | 4.23.1-2 | 143.28 | 203.79 | 347.07 | NOTE | |
r-devel-linux-x86_64-debian-gcc | 4.23.1-2 | 131.90 | 148.42 | 280.32 | NOTE | |
r-devel-linux-x86_64-fedora-clang | 4.23.1-2 | 499.77 | NOTE | |||
r-devel-linux-x86_64-fedora-gcc | 4.23.1-2 | 500.60 | NOTE | |||
r-devel-windows-x86_64 | 4.23.1-2 | 116.00 | 202.00 | 318.00 | NOTE | |
r-patched-linux-x86_64 | 4.23.1-2 | NOTE | ||||
r-release-linux-x86_64 | 4.23.1-2 | 145.51 | 187.10 | 332.61 | NOTE | |
r-release-macos-arm64 | 4.23.1-2 | 122.00 | NOTE | |||
r-release-macos-x86_64 | 4.23.1-2 | 237.00 | NOTE | |||
r-release-windows-x86_64 | 4.23.1-2 | 118.00 | 248.00 | 366.00 | NOTE | |
r-oldrel-macos-arm64 | 4.23.1-2 | 99.00 | NOTE | |||
r-oldrel-macos-x86_64 | 4.23.1-2 | 137.00 | NOTE | |||
r-oldrel-windows-x86_64 | 4.23.1-2 | 150.00 | 239.00 | 389.00 | NOTE |
Version: 4.23.1-2
Check: C++ specification
Result: NOTE
Specified C++11: please drop specification unless essential
Flavors: r-devel-linux-x86_64-debian-clang, r-devel-linux-x86_64-debian-gcc, r-devel-linux-x86_64-fedora-clang, r-devel-linux-x86_64-fedora-gcc, r-devel-windows-x86_64, r-patched-linux-x86_64, r-release-linux-x86_64, r-release-macos-arm64, r-release-macos-x86_64, r-release-windows-x86_64
Version: 4.23.1-2
Check: for GNU extensions in Makefiles
Result: NOTE
GNU make is a SystemRequirements.
Flavors: r-devel-linux-x86_64-debian-clang, r-devel-linux-x86_64-debian-gcc, r-devel-linux-x86_64-fedora-clang, r-devel-linux-x86_64-fedora-gcc, r-devel-windows-x86_64, r-patched-linux-x86_64, r-release-linux-x86_64, r-release-macos-arm64, r-release-macos-x86_64, r-release-windows-x86_64, r-oldrel-macos-arm64, r-oldrel-macos-x86_64, r-oldrel-windows-x86_64
Version: 4.23.1-2
Check: installed package size
Result: NOTE
installed size is 11.6Mb
sub-directories of 1Mb or more:
doc 7.8Mb
libs 2.9Mb
Flavors: r-devel-linux-x86_64-fedora-clang, r-devel-windows-x86_64, r-release-macos-arm64, r-release-macos-x86_64, r-release-windows-x86_64, r-oldrel-macos-arm64, r-oldrel-macos-x86_64, r-oldrel-windows-x86_64