Last updated on 2024-04-26 01:53:19 CEST.
Flavor | Version | Tinstall | Tcheck | Ttotal | Status | Flags |
---|---|---|---|---|---|---|
r-devel-linux-x86_64-debian-clang | 1.0-8 | 9.28 | 90.42 | 99.70 | NOTE | |
r-devel-linux-x86_64-debian-gcc | 1.0-8 | 8.09 | 65.60 | 73.69 | NOTE | |
r-devel-linux-x86_64-fedora-clang | 1.0-8 | 123.20 | NOTE | |||
r-devel-linux-x86_64-fedora-gcc | 1.0-8 | 118.56 | NOTE | |||
r-devel-windows-x86_64 | 1.0-8 | 9.00 | 85.00 | 94.00 | NOTE | |
r-patched-linux-x86_64 | 1.0-8 | 9.94 | 85.56 | 95.50 | NOTE | |
r-release-linux-x86_64 | 1.0-8 | 10.54 | 90.03 | 100.57 | OK | |
r-release-macos-arm64 | 1.0-8 | 35.00 | NOTE | |||
r-release-windows-x86_64 | 1.0-8 | 8.00 | 85.00 | 93.00 | NOTE | |
r-oldrel-macos-arm64 | 1.0-8 | 39.00 | OK | |||
r-oldrel-macos-x86_64 | 1.0-8 | 95.00 | OK | |||
r-oldrel-windows-x86_64 | 1.0-8 | 13.00 | 102.00 | 115.00 | OK |
Version: 1.0-8
Check: Rd files
Result: NOTE
checkRd: (-1) post_RA_fits.Rd:61: Lost braces; missing escapes or markup?
61 | \item{\code{H(po_{bm_{n.bm}}, po_act)}:}{ last benchmark prior bm_{n.bm} inducing the fit \code{fits.bm[[n.bm]]} and actual prior}
| ^
Flavors: r-devel-linux-x86_64-debian-clang, r-devel-linux-x86_64-debian-gcc, r-devel-linux-x86_64-fedora-clang, r-devel-linux-x86_64-fedora-gcc, r-devel-windows-x86_64, r-patched-linux-x86_64, r-release-macos-arm64, r-release-windows-x86_64