Last updated on 2022-07-02 01:49:04 CEST.
Flavor | Version | Tinstall | Tcheck | Ttotal | Status | Flags |
---|---|---|---|---|---|---|
r-devel-linux-x86_64-debian-clang | 0.2.1 | 51.41 | 603.74 | 655.15 | OK | |
r-devel-linux-x86_64-debian-gcc | 0.2.1 | 44.48 | 446.90 | 491.38 | OK | |
r-devel-linux-x86_64-fedora-clang | 0.2.1 | 730.71 | WARN | |||
r-devel-linux-x86_64-fedora-gcc | 0.2.1 | 813.29 | WARN | |||
r-devel-windows-x86_64 | 0.2.1 | 300.00 | 617.00 | 917.00 | OK | |
r-patched-linux-x86_64 | 0.2.1 | 47.77 | 571.87 | 619.64 | OK | |
r-release-linux-x86_64 | 0.2.1 | 43.47 | 573.07 | 616.54 | OK | |
r-release-macos-arm64 | 0.2.1 | 211.00 | OK | |||
r-release-macos-x86_64 | 0.2.1 | 360.00 | OK | |||
r-release-windows-x86_64 | 0.2.1 | 298.00 | 622.00 | 920.00 | OK | |
r-oldrel-macos-arm64 | 0.2.1 | 162.00 | OK | |||
r-oldrel-macos-x86_64 | 0.2.1 | 275.00 | OK | |||
r-oldrel-windows-ix86+x86_64 | 0.2.1 | 104.00 | 608.00 | 712.00 | OK |
Version: 0.2.1
Check: package dependencies
Result: WARN
Imports includes 21 non-default packages.
Importing from so many packages makes the package vulnerable to any of
them becoming unavailable. Move as many as possible to Suggests and
use conditionally.
Requires orphaned package: ‘gtools’
Flavor: r-devel-linux-x86_64-fedora-clang
Version: 0.2.1
Check: package dependencies
Result: WARN
Requires orphaned package: ‘gtools’
Flavor: r-devel-linux-x86_64-fedora-gcc