Last updated on 2024-04-19 01:58:55 CEST.
Flavor | Version | Tinstall | Tcheck | Ttotal | Status | Flags |
---|---|---|---|---|---|---|
r-devel-linux-x86_64-debian-clang | 1.2.1 | 90.96 | 154.75 | 245.71 | OK | |
r-devel-linux-x86_64-debian-gcc | 1.2.1 | 68.22 | 111.55 | 179.77 | OK | |
r-devel-linux-x86_64-fedora-clang | 1.2.1 | 335.22 | NOTE | |||
r-devel-linux-x86_64-fedora-gcc | 1.2.1 | 330.35 | NOTE | |||
r-prerel-macos-arm64 | 1.2.1 | 65.00 | OK | |||
r-prerel-windows-x86_64 | 1.2.1 | 70.00 | 142.00 | 212.00 | OK | |
r-patched-linux-x86_64 | 1.2.1 | 89.74 | 150.93 | 240.67 | OK | |
r-release-linux-x86_64 | 1.2.1 | 93.42 | 150.92 | 244.34 | OK | |
r-release-macos-arm64 | 1.2.1 | 86.00 | OK | |||
r-release-macos-x86_64 | 1.2.1 | 131.00 | OK | |||
r-release-windows-x86_64 | 1.2.1 | 85.00 | 168.00 | 253.00 | OK | |
r-oldrel-macos-arm64 | 1.2.1 | 73.00 | OK | |||
r-oldrel-windows-x86_64 | 1.2.1 | 82.00 | 173.00 | 255.00 | OK |
Version: 1.2.1
Check: dependencies in R code
Result: NOTE
Namespace in Imports field not imported from: ‘comat’
All declared Imports should be used.
Flavors: r-devel-linux-x86_64-fedora-clang, r-devel-linux-x86_64-fedora-gcc