Last updated on 2025-11-01 01:50:41 CET.
| Flavor | Version | Tinstall | Tcheck | Ttotal | Status | Flags |
|---|---|---|---|---|---|---|
| r-devel-linux-x86_64-debian-clang | 2.0.0 | 2.12 | 30.32 | 32.44 | OK | |
| r-devel-linux-x86_64-debian-gcc | 2.0.0 | 1.58 | 24.57 | 26.15 | OK | |
| r-devel-linux-x86_64-fedora-clang | 2.0.0 | 51.34 | OK | |||
| r-devel-linux-x86_64-fedora-gcc | 2.0.0 | 60.97 | OK | |||
| r-devel-windows-x86_64 | 2.0.0 | 4.00 | 48.00 | 52.00 | OK | |
| r-patched-linux-x86_64 | 2.0.0 | 2.03 | 28.70 | 30.73 | OK | |
| r-release-linux-x86_64 | 2.0.0 | 2.02 | 28.56 | 30.58 | OK | |
| r-release-macos-arm64 | 2.0.0 | 1.00 | 21.00 | 22.00 | OK | |
| r-release-macos-x86_64 | 2.0.0 | 2.00 | 38.00 | 40.00 | OK | |
| r-release-windows-x86_64 | 2.0.0 | 4.00 | 49.00 | 53.00 | OK | |
| r-oldrel-macos-arm64 | 2.0.0 | 1.00 | 22.00 | 23.00 | NOTE | |
| r-oldrel-macos-x86_64 | 2.0.0 | 2.00 | 35.00 | 37.00 | NOTE | |
| r-oldrel-windows-x86_64 | 2.0.0 | 4.00 | 55.00 | 59.00 | NOTE |
Version: 2.0.0
Check: LazyData
Result: NOTE
'LazyData' is specified without a 'data' directory
Flavors: r-oldrel-macos-arm64, r-oldrel-macos-x86_64, r-oldrel-windows-x86_64