Last updated on 2025-05-29 02:50:58 CEST.
Flavor | Version | Tinstall | Tcheck | Ttotal | Status | Flags |
---|---|---|---|---|---|---|
r-devel-linux-x86_64-debian-clang | 1.4.0 | 169.96 | 34.15 | 204.11 | OK | |
r-devel-linux-x86_64-debian-gcc | 1.4.0 | 178.53 | 26.33 | 204.86 | OK | |
r-devel-linux-x86_64-fedora-clang | 1.4.0 | 311.65 | OK | |||
r-devel-linux-x86_64-fedora-gcc | 1.4.0 | 528.41 | OK | |||
r-devel-windows-x86_64 | 1.4.0 | 253.00 | 103.00 | 356.00 | OK | |
r-patched-linux-x86_64 | 1.4.0 | 252.55 | 31.48 | 284.03 | OK | |
r-release-linux-x86_64 | 1.4.0 | 248.92 | 31.37 | 280.29 | OK | |
r-release-macos-arm64 | 1.4.0 | 109.00 | OK | |||
r-release-macos-x86_64 | 1.4.0 | 153.00 | OK | |||
r-release-windows-x86_64 | 1.4.0 | 256.00 | 112.00 | 368.00 | OK | |
r-oldrel-macos-arm64 | 1.4.0 | 101.00 | NOTE | |||
r-oldrel-macos-x86_64 | 1.4.0 | 172.00 | NOTE | |||
r-oldrel-windows-x86_64 | 1.4.0 | 282.00 | 125.00 | 407.00 | NOTE |
Version: 1.4.0
Check: installed package size
Result: NOTE
installed size is 46.9Mb
sub-directories of 1Mb or more:
libs 46.7Mb
Flavors: r-oldrel-macos-arm64, r-oldrel-macos-x86_64, r-oldrel-windows-x86_64