Last updated on 2024-04-24 01:52:22 CEST.
Flavor | Version | Tinstall | Tcheck | Ttotal | Status | Flags |
---|---|---|---|---|---|---|
r-devel-linux-x86_64-debian-clang | 2.2.7 | 69.87 | 296.87 | 366.74 | OK | |
r-devel-linux-x86_64-debian-gcc | 2.2.7 | 52.10 | 209.15 | 261.25 | OK | |
r-devel-linux-x86_64-fedora-clang | 2.2.7 | 467.93 | OK | |||
r-devel-linux-x86_64-fedora-gcc | 2.2.7 | 458.32 | OK | |||
r-prerel-macos-arm64 | 2.2.7 | 114.00 | NOTE | |||
r-prerel-macos-x86_64 | 2.2.7 | 198.00 | NOTE | |||
r-prerel-windows-x86_64 | 2.2.7 | 53.00 | 248.00 | 301.00 | OK | |
r-patched-linux-x86_64 | 2.2.7 | 61.23 | 277.59 | 338.82 | OK | |
r-release-linux-x86_64 | 2.2.7 | 47.47 | 280.00 | 327.47 | OK | |
r-release-macos-arm64 | 2.2.7 | 117.00 | NOTE | |||
r-release-macos-x86_64 | 2.2.7 | 286.00 | NOTE | |||
r-release-windows-x86_64 | 2.2.7 | 69.00 | 312.00 | 381.00 | OK | |
r-oldrel-macos-arm64 | 2.2.7 | 112.00 | NOTE | |||
r-oldrel-windows-x86_64 | 2.2.7 | 66.00 | 295.00 | 361.00 | OK |
Version: 2.2.7
Check: installed package size
Result: NOTE
installed size is 5.8Mb
sub-directories of 1Mb or more:
libs 4.6Mb
Flavors: r-prerel-macos-arm64, r-prerel-macos-x86_64, r-release-macos-arm64, r-release-macos-x86_64, r-oldrel-macos-arm64