CRAN Package Check Results for Package ralger

Last updated on 2022-05-16 02:51:10 CEST.

Flavor Version Tinstall Tcheck Ttotal Status Flags
r-devel-linux-x86_64-debian-clang 2.2.4 6.23 71.99 78.22 NOTE
r-devel-linux-x86_64-debian-gcc 2.2.4 4.13 54.21 58.34 NOTE
r-devel-linux-x86_64-fedora-clang 2.2.4 90.09 NOTE
r-devel-linux-x86_64-fedora-gcc 2.2.4 87.49 NOTE
r-devel-windows-x86_64 2.2.4 14.00 104.00 118.00 NOTE
r-patched-linux-x86_64 2.2.4 4.54 67.89 72.43 NOTE
r-release-linux-x86_64 2.2.4 6.16 67.06 73.22 NOTE
r-release-macos-arm64 2.2.4 44.00 NOTE
r-release-macos-x86_64 2.2.4 72.00 NOTE
r-release-windows-x86_64 2.2.4 25.00 103.00 128.00 NOTE
r-oldrel-macos-arm64 2.2.4 44.00 NOTE
r-oldrel-macos-x86_64 2.2.4 1803.00 NOTE
r-oldrel-windows-ix86+x86_64 2.2.4 16.00 91.00 107.00 NOTE

Check Details

Version: 2.2.4
Check: LazyData
Result: NOTE
     'LazyData' is specified without a 'data' directory
Flavors: r-devel-linux-x86_64-debian-clang, r-devel-linux-x86_64-debian-gcc, r-devel-linux-x86_64-fedora-clang, r-devel-linux-x86_64-fedora-gcc, r-devel-windows-x86_64, r-patched-linux-x86_64, r-release-linux-x86_64, r-release-macos-arm64, r-release-macos-x86_64, r-release-windows-x86_64, r-oldrel-macos-arm64, r-oldrel-macos-x86_64, r-oldrel-windows-ix86+x86_64