Last updated on 2024-04-23 01:57:12 CEST.
Flavor | Version | Tinstall | Tcheck | Ttotal | Status | Flags |
---|---|---|---|---|---|---|
r-devel-linux-x86_64-debian-clang | 0.10.1 | 7.24 | 286.72 | 293.96 | NOTE | |
r-devel-linux-x86_64-debian-gcc | 0.10.1 | 6.27 | 207.77 | 214.04 | NOTE | |
r-devel-linux-x86_64-fedora-clang | 0.10.1 | 352.73 | NOTE | |||
r-devel-linux-x86_64-fedora-gcc | 0.10.1 | 351.62 | NOTE | |||
r-prerel-macos-arm64 | 0.10.1 | 93.00 | NOTE | |||
r-prerel-windows-x86_64 | 0.10.1 | 9.00 | 191.00 | 200.00 | NOTE | |
r-patched-linux-x86_64 | 0.10.1 | 5.95 | 275.33 | 281.28 | NOTE | |
r-release-linux-x86_64 | 0.10.1 | 7.87 | 267.96 | 275.83 | NOTE | |
r-release-macos-arm64 | 0.10.1 | 103.00 | NOTE | |||
r-release-macos-x86_64 | 0.10.1 | 180.00 | NOTE | |||
r-release-windows-x86_64 | 0.10.1 | 11.00 | 264.00 | 275.00 | NOTE | |
r-oldrel-macos-arm64 | 0.10.1 | 83.00 | NOTE | |||
r-oldrel-windows-x86_64 | 0.10.1 | 11.00 | 256.00 | 267.00 | NOTE |
Version: 0.10.1
Check: LazyData
Result: NOTE
'LazyData' is specified without a 'data' directory
Flavors: r-devel-linux-x86_64-debian-clang, r-devel-linux-x86_64-debian-gcc, r-devel-linux-x86_64-fedora-clang, r-devel-linux-x86_64-fedora-gcc, r-prerel-macos-arm64, r-prerel-windows-x86_64, r-patched-linux-x86_64, r-release-linux-x86_64, r-release-macos-arm64, r-release-macos-x86_64, r-release-windows-x86_64, r-oldrel-macos-arm64, r-oldrel-windows-x86_64