CRAN Package Check Results for Package randomcoloR

Last updated on 2025-04-29 01:49:44 CEST.

Flavor Version Tinstall Tcheck Ttotal Status Flags
r-devel-linux-x86_64-debian-clang 1.1.0.1 3.48 34.09 37.57 OK
r-devel-linux-x86_64-debian-gcc 1.1.0.1 3.14 31.40 34.54 NOTE
r-devel-linux-x86_64-fedora-clang 1.1.0.1 63.56 OK
r-devel-linux-x86_64-fedora-gcc 1.1.0.1 56.21 OK
r-devel-windows-x86_64 1.1.0.1 5.00 63.00 68.00 OK
r-patched-linux-x86_64 1.1.0.1 4.65 39.82 44.47 OK
r-release-linux-x86_64 1.1.0.1 4.16 40.13 44.29 OK
r-release-macos-arm64 1.1.0.1 29.00 OK
r-release-macos-x86_64 1.1.0.1 46.00 OK
r-release-windows-x86_64 1.1.0.1 6.00 64.00 70.00 OK
r-oldrel-macos-arm64 1.1.0.1 20.00 NOTE
r-oldrel-macos-x86_64 1.1.0.1 32.00 NOTE
r-oldrel-windows-x86_64 1.1.0.1 6.00 70.00 76.00 NOTE

Check Details

Version: 1.1.0.1
Check: CRAN incoming feasibility
Result: NOTE Maintainer: ‘Ron Ammar <ron.ammar@gmail.com>’ No Authors@R field in DESCRIPTION. Please add one, modifying Authors@R: person(given = "Ron", family = "Ammar", role = c("aut", "cre"), email = "ron.ammar@gmail.com") as necessary. Flavor: r-devel-linux-x86_64-debian-gcc

Version: 1.1.0.1
Check: LazyData
Result: NOTE 'LazyData' is specified without a 'data' directory Flavors: r-oldrel-macos-arm64, r-oldrel-macos-x86_64, r-oldrel-windows-x86_64