Last updated on 2025-11-04 02:52:13 CET.
| Flavor | Version | Tinstall | Tcheck | Ttotal | Status | Flags | 
|---|---|---|---|---|---|---|
| r-devel-linux-x86_64-debian-clang | 3.0.2 | 33.14 | 174.01 | 207.15 | NOTE | |
| r-devel-linux-x86_64-debian-gcc | 3.0.2 | 20.94 | 117.27 | 138.21 | NOTE | |
| r-devel-linux-x86_64-fedora-clang | 3.0.2 | 135.00 | 194.24 | 329.24 | NOTE | |
| r-devel-linux-x86_64-fedora-gcc | 3.0.2 | 68.00 | 238.22 | 306.22 | NOTE | |
| r-devel-windows-x86_64 | 3.0.2 | 31.00 | 179.00 | 210.00 | NOTE | |
| r-patched-linux-x86_64 | 3.0.2 | 31.66 | 162.91 | 194.57 | NOTE | |
| r-release-linux-x86_64 | 3.0.2 | 29.23 | 166.32 | 195.55 | NOTE | |
| r-release-macos-arm64 | 3.0.2 | 11.00 | 63.00 | 74.00 | NOTE | |
| r-release-macos-x86_64 | 3.0.2 | 34.00 | 128.00 | 162.00 | NOTE | |
| r-release-windows-x86_64 | 3.0.2 | 32.00 | 178.00 | 210.00 | NOTE | |
| r-oldrel-macos-arm64 | 3.0.2 | 12.00 | 62.00 | 74.00 | NOTE | |
| r-oldrel-macos-x86_64 | 3.0.2 | 20.00 | 101.00 | 121.00 | NOTE | |
| r-oldrel-windows-x86_64 | 3.0.2 | 48.00 | 228.00 | 276.00 | NOTE | 
Version: 3.0.2
Check: Rd files
Result: NOTE
  checkRd: (-1) makeDesignMatrix.Rd:16: Lost braces; missing escapes or markup?
      16 | is randomized to a certain treatment {j}, the entry of \code{(i,j)} of the
         |                                      ^
Flavors: r-devel-linux-x86_64-debian-clang, r-devel-linux-x86_64-debian-gcc, r-devel-linux-x86_64-fedora-clang, r-devel-linux-x86_64-fedora-gcc, r-devel-windows-x86_64, r-patched-linux-x86_64, r-release-linux-x86_64, r-release-macos-arm64, r-release-macos-x86_64, r-release-windows-x86_64, r-oldrel-macos-arm64, r-oldrel-macos-x86_64, r-oldrel-windows-x86_64