Last updated on 2024-05-02 01:57:10 CEST.
Flavor | Version | Tinstall | Tcheck | Ttotal | Status | Flags |
---|---|---|---|---|---|---|
r-devel-linux-x86_64-debian-clang | 1.0.0 | 6.83 | 80.81 | 87.64 | NOTE | |
r-devel-linux-x86_64-debian-gcc | 1.0.0 | 4.20 | 58.42 | 62.62 | NOTE | |
r-devel-linux-x86_64-fedora-clang | 1.0.0 | 105.76 | NOTE | |||
r-devel-linux-x86_64-fedora-gcc | 1.0.0 | 114.95 | NOTE | |||
r-devel-windows-x86_64 | 1.0.0 | 7.00 | 85.00 | 92.00 | NOTE | |
r-patched-linux-x86_64 | 1.0.0 | 7.21 | 76.09 | 83.30 | OK | |
r-release-linux-x86_64 | 1.0.0 | 5.28 | 74.47 | 79.75 | OK | |
r-release-macos-arm64 | 1.0.0 | 36.00 | OK | |||
r-release-windows-x86_64 | 1.0.0 | 8.00 | 84.00 | 92.00 | OK | |
r-oldrel-macos-arm64 | 1.0.0 | 42.00 | OK | |||
r-oldrel-macos-x86_64 | 1.0.0 | 83.00 | OK | |||
r-oldrel-windows-x86_64 | 1.0.0 | 10.00 | 96.00 | 106.00 | OK |
Version: 1.0.0
Check: compiled code
Result: NOTE
File ‘randomizr/libs/randomizr.so’:
Found non-API call to R: ‘SETLENGTH’
Compiled code should not call non-API entry points in R.
See ‘Writing portable packages’ in the ‘Writing R Extensions’ manual.
Flavors: r-devel-linux-x86_64-debian-clang, r-devel-linux-x86_64-debian-gcc, r-devel-linux-x86_64-fedora-clang, r-devel-linux-x86_64-fedora-gcc
Version: 1.0.0
Check: compiled code
Result: NOTE
File 'randomizr/libs/x64/randomizr.dll':
Found non-API call to R: 'SETLENGTH'
Compiled code should not call non-API entry points in R.
See 'Writing portable packages' in the 'Writing R Extensions' manual.
Flavor: r-devel-windows-x86_64