CRAN Package Check Results for Package randquotes

Last updated on 2025-02-01 01:50:44 CET.

Flavor Version Tinstall Tcheck Ttotal Status Flags
r-devel-linux-x86_64-debian-clang 0.1.1 2.08 23.32 25.40 NOTE
r-devel-linux-x86_64-debian-gcc 0.1.1 1.83 18.51 20.34 NOTE
r-devel-linux-x86_64-fedora-clang 0.1.1 42.63 NOTE
r-devel-linux-x86_64-fedora-gcc 0.1.1 38.44 NOTE
r-devel-windows-x86_64 0.1.1 4.00 54.00 58.00 NOTE
r-patched-linux-x86_64 0.1.1 2.55 22.24 24.79 NOTE
r-release-linux-x86_64 0.1.1 2.23 22.17 24.40 NOTE
r-release-macos-arm64 0.1.1 22.00 NOTE
r-release-macos-x86_64 0.1.1 29.00 NOTE
r-release-windows-x86_64 0.1.1 4.00 46.00 50.00 NOTE
r-oldrel-macos-arm64 0.1.1 18.00 NOTE
r-oldrel-macos-x86_64 0.1.1 23.00 NOTE
r-oldrel-windows-x86_64 0.1.1 5.00 48.00 53.00 NOTE

Check Details

Version: 0.1.1
Check: package subdirectories
Result: NOTE Problems with news in ‘NEWS.md’: No news entries found. Flavors: r-devel-linux-x86_64-debian-clang, r-devel-linux-x86_64-debian-gcc, r-devel-linux-x86_64-fedora-clang, r-devel-linux-x86_64-fedora-gcc, r-devel-windows-x86_64, r-patched-linux-x86_64, r-release-linux-x86_64, r-release-macos-arm64, r-release-macos-x86_64, r-release-windows-x86_64, r-oldrel-macos-arm64, r-oldrel-macos-x86_64, r-oldrel-windows-x86_64

Version: 0.1.1
Check: dependencies in R code
Result: NOTE Namespaces in Imports field not imported from: ‘curl’ ‘jsonlite’ All declared Imports should be used. Flavors: r-devel-linux-x86_64-fedora-clang, r-devel-linux-x86_64-fedora-gcc